Last updated on 2024-05-09 15:49:12 CEST.
Flavor | Version | Tinstall | Tcheck | Ttotal | Status | Flags |
---|---|---|---|---|---|---|
r-devel-linux-x86_64-debian-clang | 2.2.0 | 256.01 | 261.57 | 517.58 | OK | |
r-devel-linux-x86_64-debian-gcc | 2.2.0 | 194.88 | 172.53 | 367.41 | OK | |
r-devel-linux-x86_64-fedora-clang | 2.2.0 | 846.66 | OK | |||
r-devel-linux-x86_64-fedora-gcc | 2.2.0 | 718.25 | WARN | |||
r-devel-windows-x86_64 | 2.2.0 | 201.00 | 218.00 | 419.00 | OK | |
r-patched-linux-x86_64 | 2.2.0 | 239.09 | 221.43 | 460.52 | OK | |
r-release-linux-x86_64 | 2.2.0 | 242.58 | 216.45 | 459.03 | OK | |
r-release-macos-arm64 | 2.2.0 | 137.00 | NOTE | |||
r-release-macos-x86_64 | 2.2.0 | 291.00 | NOTE | |||
r-release-windows-x86_64 | 2.2.0 | 203.00 | 216.00 | 419.00 | OK | |
r-oldrel-macos-arm64 | 2.2.0 | 131.00 | NOTE | |||
r-oldrel-macos-x86_64 | 2.2.0 | 259.00 | NOTE | |||
r-oldrel-windows-x86_64 | 2.2.0 | 243.00 | 250.00 | 493.00 | OK |
Version: 2.2.0
Check: whether package can be installed
Result: WARN
Found the following significant warnings:
semisupervisedSampler.cpp:26:25: warning: '*(sampler*)((char*)this + 416).sampler::N' is used uninitialized [-Wuninitialized]
See ‘/data/gannet/ripley/R/packages/tests-devel/batchmix.Rcheck/00install.out’ for details.
* used C++ compiler: ‘g++-14 (GCC) 14.1.0’
Flavor: r-devel-linux-x86_64-fedora-gcc
Version: 2.2.0
Check: installed package size
Result: NOTE
installed size is 7.2Mb
sub-directories of 1Mb or more:
libs 6.8Mb
Flavors: r-release-macos-arm64, r-release-macos-x86_64, r-oldrel-macos-arm64, r-oldrel-macos-x86_64