Last updated on 2024-05-11 03:51:45 CEST.
Flavor | Version | Tinstall | Tcheck | Ttotal | Status | Flags |
---|---|---|---|---|---|---|
r-devel-linux-x86_64-debian-clang | 0.1.3 | 145.67 | 116.88 | 262.55 | OK | |
r-devel-linux-x86_64-debian-gcc | 0.1.3 | 103.45 | 85.09 | 188.54 | OK | |
r-devel-linux-x86_64-fedora-clang | 0.1.3 | 364.56 | OK | |||
r-devel-linux-x86_64-fedora-gcc | 0.1.3 | 429.69 | OK | |||
r-devel-windows-x86_64 | 0.1.3 | 115.00 | 113.00 | 228.00 | OK | |
r-patched-linux-x86_64 | 0.1.3 | 145.41 | 108.48 | 253.89 | OK | |
r-release-linux-x86_64 | 0.1.3 | 146.33 | 112.48 | 258.81 | OK | |
r-release-macos-arm64 | 0.1.3 | 76.00 | NOTE | |||
r-release-macos-x86_64 | 0.1.3 | 147.00 | NOTE | |||
r-release-windows-x86_64 | 0.1.3 | 115.00 | 111.00 | 226.00 | OK | |
r-oldrel-macos-arm64 | 0.1.3 | 86.00 | NOTE | |||
r-oldrel-macos-x86_64 | 0.1.3 | 120.00 | NOTE | |||
r-oldrel-windows-x86_64 | 0.1.3 | 137.00 | 135.00 | 272.00 | OK |
Version: 0.1.3
Check: installed package size
Result: NOTE
installed size is 7.1Mb
sub-directories of 1Mb or more:
help 2.2Mb
libs 4.6Mb
Flavors: r-release-macos-arm64, r-release-macos-x86_64, r-oldrel-macos-arm64, r-oldrel-macos-x86_64