Last updated on 2024-05-13 03:49:25 CEST.
Flavor | Version | Tinstall | Tcheck | Ttotal | Status | Flags |
---|---|---|---|---|---|---|
r-devel-linux-x86_64-debian-clang | 1.15.0 | 11.24 | 280.60 | 291.84 | NOTE | |
r-devel-linux-x86_64-debian-gcc | 1.15.0 | 7.91 | 197.58 | 205.49 | NOTE | |
r-devel-linux-x86_64-fedora-clang | 1.15.0 | 349.81 | NOTE | |||
r-devel-linux-x86_64-fedora-gcc | 1.15.0 | 392.95 | NOTE | |||
r-devel-windows-x86_64 | 1.15.0 | 9.00 | 197.00 | 206.00 | OK | |
r-patched-linux-x86_64 | 1.15.0 | 8.48 | 260.09 | 268.57 | NOTE | |
r-release-linux-x86_64 | 1.15.0 | 7.03 | 259.23 | 266.26 | NOTE | |
r-release-macos-arm64 | 1.15.0 | 114.00 | OK | |||
r-release-macos-x86_64 | 1.15.0 | 330.00 | OK | |||
r-release-windows-x86_64 | 1.15.0 | 10.00 | 204.00 | 214.00 | OK | |
r-oldrel-macos-arm64 | 1.15.0 | 105.00 | OK | |||
r-oldrel-macos-x86_64 | 1.15.0 | 268.00 | OK | |||
r-oldrel-windows-x86_64 | 1.15.0 | 12.00 | 267.00 | 279.00 | OK |
Version: 1.15.0
Check: package dependencies
Result: NOTE
Package suggested but not available for checking: ‘margins’
Flavors: r-devel-linux-x86_64-debian-clang, r-devel-linux-x86_64-debian-gcc, r-devel-linux-x86_64-fedora-clang, r-devel-linux-x86_64-fedora-gcc, r-patched-linux-x86_64
Version: 1.15.0
Check: package dependencies
Result: NOTE
Packages suggested but not available for checking: 'margins', 'rstanarm'
Flavor: r-release-linux-x86_64