Last updated on 2024-04-23 15:50:12 CEST.
Flavor | Version | Tinstall | Tcheck | Ttotal | Status | Flags |
---|---|---|---|---|---|---|
r-devel-linux-x86_64-debian-clang | 0.2.2 | 12.13 | 103.51 | 115.64 | OK | |
r-devel-linux-x86_64-debian-gcc | 0.2.2 | 9.15 | 75.97 | 85.12 | OK | |
r-devel-linux-x86_64-fedora-clang | 0.2.2 | 143.07 | NOTE | |||
r-devel-linux-x86_64-fedora-gcc | 0.2.2 | 132.10 | NOTE | |||
r-prerel-macos-arm64 | 0.2.2 | 43.00 | OK | |||
r-prerel-windows-x86_64 | 0.2.2 | 12.00 | 89.00 | 101.00 | OK | |
r-patched-linux-x86_64 | 0.2.2 | 10.60 | 98.22 | 108.82 | OK | |
r-release-linux-x86_64 | 0.2.2 | 11.73 | 98.44 | 110.17 | OK | |
r-release-macos-arm64 | 0.2.2 | 45.00 | OK | |||
r-release-macos-x86_64 | 0.2.2 | 64.00 | OK | |||
r-release-windows-x86_64 | 0.2.2 | 16.00 | 108.00 | 124.00 | OK | |
r-oldrel-macos-arm64 | 0.2.2 | 45.00 | NOTE | |||
r-oldrel-windows-x86_64 | 0.2.2 | 14.00 | 110.00 | 124.00 | OK |
Version: 0.2.2
Check: dependencies in R code
Result: NOTE
Namespace in Imports field not imported from: ‘markdown’
All declared Imports should be used.
Flavors: r-devel-linux-x86_64-fedora-clang, r-devel-linux-x86_64-fedora-gcc, r-oldrel-macos-arm64