Last updated on 2024-05-21 15:50:17 CEST.
Flavor | Version | Tinstall | Tcheck | Ttotal | Status | Flags |
---|---|---|---|---|---|---|
r-devel-linux-x86_64-debian-clang | 2.0.0 | 1.94 | 31.53 | 33.47 | OK | |
r-devel-linux-x86_64-debian-gcc | 2.0.0 | 1.60 | 24.19 | 25.79 | OK | |
r-devel-linux-x86_64-fedora-clang | 2.0.0 | 47.15 | NOTE | |||
r-devel-linux-x86_64-fedora-gcc | 2.0.0 | 56.46 | NOTE | |||
r-devel-windows-x86_64 | 2.0.0 | 4.00 | 101.00 | 105.00 | OK | |
r-patched-linux-x86_64 | 2.0.0 | 2.58 | 29.70 | 32.28 | OK | |
r-release-linux-x86_64 | 2.0.0 | 2.23 | 30.05 | 32.28 | OK | |
r-release-macos-arm64 | 2.0.0 | 102.00 | OK | |||
r-release-windows-x86_64 | 2.0.0 | 4.00 | 103.00 | 107.00 | OK | |
r-oldrel-macos-arm64 | 2.0.0 | 75.00 | OK | |||
r-oldrel-macos-x86_64 | 2.0.0 | 88.00 | OK | |||
r-oldrel-windows-x86_64 | 2.0.0 | 4.00 | 104.00 | 108.00 | OK |
Version: 2.0.0
Check: dependencies in R code
Result: NOTE
Namespace in Imports field not imported from: ‘R.utils’
All declared Imports should be used.
Flavors: r-devel-linux-x86_64-fedora-clang, r-devel-linux-x86_64-fedora-gcc