Last updated on 2024-05-05 03:56:46 CEST.
Flavor | Version | Tinstall | Tcheck | Ttotal | Status | Flags |
---|---|---|---|---|---|---|
r-devel-linux-x86_64-debian-clang | 1.2.3 | 19.89 | 113.33 | 133.22 | OK | |
r-devel-linux-x86_64-debian-gcc | 1.2.3 | 15.78 | 80.33 | 96.11 | OK | |
r-devel-linux-x86_64-fedora-clang | 1.2.3 | 162.46 | NOTE | |||
r-devel-linux-x86_64-fedora-gcc | 1.2.3 | 155.66 | NOTE | |||
r-devel-windows-x86_64 | 1.2.3 | 18.00 | 97.00 | 115.00 | OK | |
r-patched-linux-x86_64 | 1.2.3 | 19.47 | 102.64 | 122.11 | OK | |
r-release-linux-x86_64 | 1.2.3 | 18.35 | 103.38 | 121.73 | OK | |
r-release-macos-arm64 | 1.2.3 | 45.00 | OK | |||
r-release-windows-x86_64 | 1.2.3 | 17.00 | 96.00 | 113.00 | OK | |
r-oldrel-macos-arm64 | 1.2.3 | 42.00 | OK | |||
r-oldrel-macos-x86_64 | 1.2.3 | 121.00 | OK | |||
r-oldrel-windows-x86_64 | 1.2.3 | 22.00 | 110.00 | 132.00 | OK |
Version: 1.2.3
Check: dependencies in R code
Result: NOTE
Namespace in Imports field not imported from: ‘gstat’
All declared Imports should be used.
Flavors: r-devel-linux-x86_64-fedora-clang, r-devel-linux-x86_64-fedora-gcc