Last updated on 2024-05-13 03:49:27 CEST.
Flavor | Version | Tinstall | Tcheck | Ttotal | Status | Flags |
---|---|---|---|---|---|---|
r-devel-linux-x86_64-debian-clang | 1.0.1 | 43.05 | 123.07 | 166.12 | NOTE | |
r-devel-linux-x86_64-debian-gcc | 1.0.1 | 34.92 | 215.12 | 250.04 | NOTE | |
r-devel-linux-x86_64-fedora-clang | 1.0.1 | 284.75 | NOTE | |||
r-devel-linux-x86_64-fedora-gcc | 1.0.1 | 341.16 | NOTE | |||
r-devel-windows-x86_64 | 1.0.1 | 36.00 | 120.00 | 156.00 | NOTE | |
r-patched-linux-x86_64 | 1.0.1 | 46.53 | 248.05 | 294.58 | NOTE | |
r-release-linux-x86_64 | 1.0.1 | 43.08 | 253.25 | 296.33 | NOTE | |
r-release-macos-arm64 | 1.0.1 | 55.00 | NOTE | |||
r-release-windows-x86_64 | 1.0.1 | 36.00 | 117.00 | 153.00 | NOTE | |
r-oldrel-macos-arm64 | 1.0.1 | 65.00 | NOTE | |||
r-oldrel-macos-x86_64 | 1.0.1 | 94.00 | NOTE | |||
r-oldrel-windows-x86_64 | 1.0.1 | 45.00 | 138.00 | 183.00 | NOTE |
Version: 1.0.1
Check: C++ specification
Result: NOTE
Specified C++11: please drop specification unless essential
Flavors: r-devel-linux-x86_64-debian-clang, r-devel-linux-x86_64-debian-gcc, r-devel-linux-x86_64-fedora-clang, r-devel-linux-x86_64-fedora-gcc, r-devel-windows-x86_64, r-patched-linux-x86_64, r-release-linux-x86_64, r-release-macos-arm64, r-release-windows-x86_64, r-oldrel-macos-arm64, r-oldrel-macos-x86_64, r-oldrel-windows-x86_64