Last updated on 2024-05-13 03:49:28 CEST.
Flavor | Version | Tinstall | Tcheck | Ttotal | Status | Flags |
---|---|---|---|---|---|---|
r-devel-linux-x86_64-debian-clang | 0.2.0 | 28.79 | 206.97 | 235.76 | NOTE | |
r-devel-linux-x86_64-debian-gcc | 0.2.0 | 20.19 | 150.52 | 170.71 | NOTE | |
r-devel-linux-x86_64-fedora-clang | 0.2.0 | 304.16 | NOTE | |||
r-devel-linux-x86_64-fedora-gcc | 0.2.0 | 289.62 | NOTE | |||
r-devel-windows-x86_64 | 0.2.0 | 24.00 | 170.00 | 194.00 | NOTE | |
r-patched-linux-x86_64 | 0.2.0 | 27.11 | 199.44 | 226.55 | NOTE | |
r-release-linux-x86_64 | 0.2.0 | 23.07 | 199.01 | 222.08 | NOTE | |
r-release-macos-arm64 | 0.2.0 | 77.00 | NOTE | |||
r-release-windows-x86_64 | 0.2.0 | 23.00 | 167.00 | 190.00 | NOTE | |
r-oldrel-macos-arm64 | 0.2.0 | 80.00 | OK | |||
r-oldrel-macos-x86_64 | 0.2.0 | 137.00 | OK | |||
r-oldrel-windows-x86_64 | 0.2.0 | 30.00 | 214.00 | 244.00 | OK |
Version: 0.2.0
Check: Rd files
Result: NOTE
checkRd: (-1) gammamix.Rd:47-48: Lost braces in \itemize; \value handles \item{}{} directly
checkRd: (-1) gammamix.Rd:49-51: Lost braces in \itemize; \value handles \item{}{} directly
checkRd: (-1) gammamix.Rd:52-53: Lost braces in \itemize; \value handles \item{}{} directly
checkRd: (-1) gammamix.Rd:54-55: Lost braces in \itemize; \value handles \item{}{} directly
checkRd: (-1) joint.Rd:41-42: Lost braces in \itemize; \value handles \item{}{} directly
checkRd: (-1) joint.Rd:43-45: Lost braces in \itemize; \value handles \item{}{} directly
checkRd: (-1) joint.Rd:46-47: Lost braces in \itemize; \value handles \item{}{} directly
checkRd: (-1) lnormmix.Rd:44-45: Lost braces in \itemize; \value handles \item{}{} directly
checkRd: (-1) lnormmix.Rd:46-48: Lost braces in \itemize; \value handles \item{}{} directly
checkRd: (-1) lnormmix.Rd:49-50: Lost braces in \itemize; \value handles \item{}{} directly
checkRd: (-1) lnormmix.Rd:51-52: Lost braces in \itemize; \value handles \item{}{} directly
checkRd: (-1) normmix.Rd:43-44: Lost braces in \itemize; \value handles \item{}{} directly
checkRd: (-1) normmix.Rd:45-47: Lost braces in \itemize; \value handles \item{}{} directly
checkRd: (-1) normmix.Rd:48-49: Lost braces in \itemize; \value handles \item{}{} directly
checkRd: (-1) normmix.Rd:50-51: Lost braces in \itemize; \value handles \item{}{} directly
checkRd: (-1) plot_joint_box.Rd:61: Lost braces
61 | and step lengths (code{x}).
| ^
checkRd: (-1) vonmisesmix.Rd:40-41: Lost braces in \itemize; \value handles \item{}{} directly
checkRd: (-1) vonmisesmix.Rd:42-44: Lost braces in \itemize; \value handles \item{}{} directly
checkRd: (-1) vonmisesmix.Rd:45-46: Lost braces in \itemize; \value handles \item{}{} directly
checkRd: (-1) vonmisesmix.Rd:47-48: Lost braces in \itemize; \value handles \item{}{} directly
checkRd: (-1) weibullmix.Rd:44-45: Lost braces in \itemize; \value handles \item{}{} directly
checkRd: (-1) weibullmix.Rd:46-48: Lost braces in \itemize; \value handles \item{}{} directly
checkRd: (-1) weibullmix.Rd:49-50: Lost braces in \itemize; \value handles \item{}{} directly
checkRd: (-1) weibullmix.Rd:51-52: Lost braces in \itemize; \value handles \item{}{} directly
checkRd: (-1) wrappedcauchy.Rd:43-44: Lost braces in \itemize; \value handles \item{}{} directly
checkRd: (-1) wrappedcauchy.Rd:45-47: Lost braces in \itemize; \value handles \item{}{} directly
checkRd: (-1) wrappedcauchy.Rd:48-49: Lost braces in \itemize; \value handles \item{}{} directly
checkRd: (-1) wrappedcauchy.Rd:50-51: Lost braces in \itemize; \value handles \item{}{} directly
Flavors: r-devel-linux-x86_64-debian-clang, r-devel-linux-x86_64-debian-gcc, r-devel-linux-x86_64-fedora-clang, r-devel-linux-x86_64-fedora-gcc, r-devel-windows-x86_64, r-patched-linux-x86_64, r-release-linux-x86_64, r-release-macos-arm64, r-release-windows-x86_64