Last updated on 2024-05-02 04:00:12 CEST.
Flavor | Version | Tinstall | Tcheck | Ttotal | Status | Flags |
---|---|---|---|---|---|---|
r-devel-linux-x86_64-debian-clang | 1.1-12 | 198.33 | 121.31 | 319.64 | OK | |
r-devel-linux-x86_64-debian-gcc | 1.1-12 | 135.77 | 89.67 | 225.44 | OK | |
r-devel-linux-x86_64-fedora-clang | 1.1-12 | 492.95 | OK | |||
r-devel-linux-x86_64-fedora-gcc | 1.1-12 | 465.10 | OK | |||
r-devel-windows-x86_64 | 1.1-12 | 139.00 | 154.00 | 293.00 | OK | |
r-patched-linux-x86_64 | 1.1-12 | 179.68 | 115.79 | 295.47 | OK | |
r-release-linux-x86_64 | 1.1-12 | 181.49 | 116.38 | 297.87 | OK | |
r-release-macos-arm64 | 1.1-12 | 93.00 | NOTE | |||
r-release-windows-x86_64 | 1.1-12 | 148.00 | 157.00 | 305.00 | OK | |
r-oldrel-macos-arm64 | 1.1-12 | 100.00 | NOTE | |||
r-oldrel-macos-x86_64 | 1.1-12 | 177.00 | NOTE | |||
r-oldrel-windows-x86_64 | 1.1-12 | 173.00 | 167.00 | 340.00 | OK |
Version: 1.1-12
Check: installed package size
Result: NOTE
installed size is 9.6Mb
sub-directories of 1Mb or more:
doc 2.6Mb
libs 6.4Mb
Flavors: r-release-macos-arm64, r-oldrel-macos-arm64, r-oldrel-macos-x86_64