Last updated on 2024-05-11 03:51:48 CEST.
Flavor | Version | Tinstall | Tcheck | Ttotal | Status | Flags |
---|---|---|---|---|---|---|
r-devel-linux-x86_64-debian-clang | 0.1.6 | 72.64 | 60.05 | 132.69 | NOTE | |
r-devel-linux-x86_64-debian-gcc | 0.1.6 | 57.70 | 43.64 | 101.34 | NOTE | |
r-devel-linux-x86_64-fedora-clang | 0.1.6 | 185.78 | NOTE | |||
r-devel-linux-x86_64-fedora-gcc | 0.1.6 | 227.75 | NOTE | |||
r-devel-windows-x86_64 | 0.1.6 | 59.00 | 82.00 | 141.00 | NOTE | |
r-patched-linux-x86_64 | 0.1.6 | 52.98 | 56.27 | 109.25 | NOTE | |
r-release-linux-x86_64 | 0.1.6 | 51.79 | 56.74 | 108.53 | NOTE | |
r-release-macos-arm64 | 0.1.6 | 39.00 | NOTE | |||
r-release-windows-x86_64 | 0.1.6 | 59.00 | 80.00 | 139.00 | NOTE | |
r-oldrel-macos-arm64 | 0.1.6 | 43.00 | NOTE | |||
r-oldrel-macos-x86_64 | 0.1.6 | 75.00 | NOTE | |||
r-oldrel-windows-x86_64 | 0.1.6 | 74.00 | 91.00 | 165.00 | NOTE |
Version: 0.1.6
Check: C++ specification
Result: NOTE
Specified C++11: please drop specification unless essential
Flavors: r-devel-linux-x86_64-debian-clang, r-devel-linux-x86_64-debian-gcc, r-devel-linux-x86_64-fedora-clang, r-devel-linux-x86_64-fedora-gcc, r-devel-windows-x86_64, r-patched-linux-x86_64, r-release-linux-x86_64, r-release-macos-arm64, r-release-windows-x86_64, r-oldrel-macos-arm64, r-oldrel-macos-x86_64, r-oldrel-windows-x86_64