Last updated on 2024-05-13 03:49:28 CEST.
Flavor | Version | Tinstall | Tcheck | Ttotal | Status | Flags |
---|---|---|---|---|---|---|
r-devel-linux-x86_64-debian-clang | 0.3.3 | 14.70 | 58.59 | 73.29 | NOTE | |
r-devel-linux-x86_64-debian-gcc | 0.3.3 | 12.21 | 43.70 | 55.91 | NOTE | |
r-devel-linux-x86_64-fedora-clang | 0.3.3 | 95.84 | NOTE | |||
r-devel-linux-x86_64-fedora-gcc | 0.3.3 | 140.20 | NOTE | |||
r-devel-windows-x86_64 | 0.3.3 | 17.00 | 69.00 | 86.00 | NOTE | |
r-patched-linux-x86_64 | 0.3.3 | 11.05 | 55.65 | 66.70 | OK | |
r-release-linux-x86_64 | 0.3.3 | 13.37 | 54.54 | 67.91 | OK | |
r-release-macos-arm64 | 0.3.3 | 32.00 | OK | |||
r-release-macos-x86_64 | 0.3.3 | 64.00 | OK | |||
r-release-windows-x86_64 | 0.3.3 | 19.00 | 68.00 | 87.00 | OK | |
r-oldrel-macos-arm64 | 0.3.3 | 36.00 | OK | |||
r-oldrel-macos-x86_64 | 0.3.3 | 54.00 | OK | |||
r-oldrel-windows-x86_64 | 0.3.3 | 19.00 | 77.00 | 96.00 | OK |
Version: 0.3.3
Check: compiled code
Result: NOTE
File ‘densityClust/libs/densityClust.so’:
Found non-API calls to R: ‘SETLENGTH’, ‘SET_TRUELENGTH’
Compiled code should not call non-API entry points in R.
See ‘Writing portable packages’ in the ‘Writing R Extensions’ manual.
Flavors: r-devel-linux-x86_64-debian-clang, r-devel-linux-x86_64-debian-gcc, r-devel-linux-x86_64-fedora-clang, r-devel-linux-x86_64-fedora-gcc
Version: 0.3.3
Check: compiled code
Result: NOTE
File 'densityClust/libs/x64/densityClust.dll':
Found non-API calls to R: 'SETLENGTH', 'SET_TRUELENGTH'
Compiled code should not call non-API entry points in R.
See 'Writing portable packages' in the 'Writing R Extensions' manual.
Flavor: r-devel-windows-x86_64