Last updated on 2024-05-28 15:49:00 CEST.
Flavor | Version | Tinstall | Tcheck | Ttotal | Status | Flags |
---|---|---|---|---|---|---|
r-devel-linux-x86_64-debian-clang | 1.0.3 | 6.61 | 23.08 | 29.69 | OK | |
r-devel-linux-x86_64-debian-gcc | 1.0.3 | 3.55 | 17.62 | 21.17 | OK | |
r-devel-linux-x86_64-fedora-clang | 1.0.3 | 35.72 | NOTE | |||
r-devel-linux-x86_64-fedora-gcc | 1.0.3 | 33.23 | OK | |||
r-devel-windows-x86_64 | 1.0.3 | 6.00 | 40.00 | 46.00 | OK | |
r-patched-linux-x86_64 | 1.0.3 | 3.93 | 21.43 | 25.36 | OK | |
r-release-linux-x86_64 | 1.0.3 | 4.15 | 21.98 | 26.13 | OK | |
r-release-macos-arm64 | 1.0.3 | 19.00 | OK | |||
r-release-macos-x86_64 | 1.0.3 | 40.00 | OK | |||
r-release-windows-x86_64 | 1.0.3 | 8.00 | 43.00 | 51.00 | OK | |
r-oldrel-macos-arm64 | 1.0.3 | 18.00 | OK | |||
r-oldrel-macos-x86_64 | 1.0.3 | 42.00 | OK | |||
r-oldrel-windows-x86_64 | 1.0.3 | 10.00 | 40.00 | 50.00 | OK |
Version: 1.0.3
Check: installed package size
Result: NOTE
installed size is 9.8Mb
sub-directories of 1Mb or more:
libs 9.7Mb
Flavor: r-devel-linux-x86_64-fedora-clang