Last updated on 2024-05-13 03:49:28 CEST.
Flavor | Version | Tinstall | Tcheck | Ttotal | Status | Flags |
---|---|---|---|---|---|---|
r-devel-linux-x86_64-debian-clang | 3.0.0 | 782.38 | 176.04 | 958.42 | NOTE | |
r-devel-linux-x86_64-debian-gcc | 3.0.0 | 606.78 | 126.48 | 733.26 | NOTE | |
r-devel-linux-x86_64-fedora-clang | 3.0.0 | 1523.58 | NOTE | |||
r-devel-linux-x86_64-fedora-gcc | 3.0.0 | 1581.20 | NOTE | |||
r-devel-windows-x86_64 | 3.0.0 | 621.00 | 177.00 | 798.00 | NOTE | |
r-patched-linux-x86_64 | 3.0.0 | 775.33 | 160.49 | 935.82 | NOTE | |
r-release-linux-x86_64 | 3.0.0 | 796.61 | 161.70 | 958.31 | NOTE | |
r-release-macos-arm64 | 3.0.0 | 217.00 | NOTE | |||
r-release-windows-x86_64 | 3.0.0 | 614.00 | 176.00 | 790.00 | NOTE | |
r-oldrel-macos-arm64 | 3.0.0 | 285.00 | NOTE | |||
r-oldrel-macos-x86_64 | 3.0.0 | 547.00 | NOTE | |||
r-oldrel-windows-x86_64 | 3.0.0 | 744.00 | 214.00 | 958.00 | NOTE |
Version: 3.0.0
Check: C++ specification
Result: NOTE
Specified C++11: please drop specification unless essential
Flavors: r-devel-linux-x86_64-debian-clang, r-devel-linux-x86_64-debian-gcc, r-devel-linux-x86_64-fedora-clang, r-devel-linux-x86_64-fedora-gcc, r-devel-windows-x86_64, r-patched-linux-x86_64, r-release-linux-x86_64, r-release-macos-arm64, r-release-windows-x86_64, r-oldrel-macos-arm64, r-oldrel-macos-x86_64, r-oldrel-windows-x86_64
Version: 3.0.0
Check: installed package size
Result: NOTE
installed size is 15.9Mb
sub-directories of 1Mb or more:
doc 1.5Mb
libs 14.0Mb
Flavors: r-release-macos-arm64, r-oldrel-macos-arm64, r-oldrel-macos-x86_64