Last updated on 2024-05-13 03:49:29 CEST.
Flavor | Version | Tinstall | Tcheck | Ttotal | Status | Flags |
---|---|---|---|---|---|---|
r-devel-linux-x86_64-debian-clang | 0.3.3 | 3.25 | 50.08 | 53.33 | OK | |
r-devel-linux-x86_64-debian-gcc | 0.3.3 | 2.49 | 39.39 | 41.88 | OK | |
r-devel-linux-x86_64-fedora-clang | 0.3.3 | 67.88 | NOTE | |||
r-devel-linux-x86_64-fedora-gcc | 0.3.3 | 91.76 | OK | |||
r-devel-windows-x86_64 | 0.3.3 | 5.00 | 62.00 | 67.00 | NOTE | |
r-patched-linux-x86_64 | 0.3.3 | 2.29 | 48.84 | 51.13 | OK | |
r-release-linux-x86_64 | 0.3.3 | 2.93 | 47.97 | 50.90 | OK | |
r-release-macos-arm64 | 0.3.3 | 34.00 | NOTE | |||
r-release-windows-x86_64 | 0.3.3 | 7.00 | 60.00 | 67.00 | NOTE | |
r-oldrel-macos-arm64 | 0.3.3 | 40.00 | NOTE | |||
r-oldrel-macos-x86_64 | 0.3.3 | 75.00 | NOTE | |||
r-oldrel-windows-x86_64 | 0.3.3 | 5.00 | 64.00 | 69.00 | NOTE |
Version: 0.3.3
Check: installed package size
Result: NOTE
installed size is 5.2Mb
sub-directories of 1Mb or more:
assets 2.9Mb
doc 2.1Mb
Flavors: r-devel-linux-x86_64-fedora-clang, r-devel-windows-x86_64, r-release-macos-arm64, r-release-windows-x86_64, r-oldrel-macos-arm64, r-oldrel-macos-x86_64, r-oldrel-windows-x86_64