Last updated on 2024-05-13 03:49:29 CEST.
Flavor | Version | Tinstall | Tcheck | Ttotal | Status | Flags |
---|---|---|---|---|---|---|
r-devel-linux-x86_64-debian-clang | 2.0 | 36.62 | 48.56 | 85.18 | OK | |
r-devel-linux-x86_64-debian-gcc | 2.0 | 27.32 | 35.78 | 63.10 | OK | |
r-devel-linux-x86_64-fedora-clang | 2.0 | 121.33 | NOTE | |||
r-devel-linux-x86_64-fedora-gcc | 2.0 | 163.77 | OK | |||
r-devel-windows-x86_64 | 2.0 | 31.00 | 80.00 | 111.00 | OK | |
r-patched-linux-x86_64 | 2.0 | 34.72 | 46.80 | 81.52 | OK | |
r-release-linux-x86_64 | 2.0 | 38.19 | 46.97 | 85.16 | OK | |
r-release-macos-arm64 | 2.0 | 32.00 | OK | |||
r-release-windows-x86_64 | 2.0 | 29.00 | 81.00 | 110.00 | OK | |
r-oldrel-macos-arm64 | 2.0 | 40.00 | OK | |||
r-oldrel-macos-x86_64 | 2.0 | 93.00 | OK | |||
r-oldrel-windows-x86_64 | 2.0 | 37.00 | 88.00 | 125.00 | OK |
Version: 2.0
Check: Rd cross-references
Result: NOTE
Undeclared package ‘CausalImpact’ in Rd xrefs
Flavor: r-devel-linux-x86_64-fedora-clang