Last updated on 2024-05-11 03:51:50 CEST.
Flavor | Version | Tinstall | Tcheck | Ttotal | Status | Flags |
---|---|---|---|---|---|---|
r-devel-linux-x86_64-debian-clang | 0.1.2 | 5.96 | 32.56 | 38.52 | NOTE | |
r-devel-linux-x86_64-debian-gcc | 0.1.2 | 4.50 | 24.64 | 29.14 | NOTE | |
r-devel-linux-x86_64-fedora-clang | 0.1.2 | 50.57 | OK | |||
r-devel-linux-x86_64-fedora-gcc | 0.1.2 | 55.46 | OK | |||
r-devel-windows-x86_64 | 0.1.2 | 9.00 | 56.00 | 65.00 | OK | |
r-patched-linux-x86_64 | 0.1.2 | 5.73 | 32.01 | 37.74 | NOTE | |
r-release-linux-x86_64 | 0.1.2 | 6.04 | 32.65 | 38.69 | NOTE | |
r-release-macos-arm64 | 0.1.2 | 19.00 | NOTE | |||
r-release-windows-x86_64 | 0.1.2 | 8.00 | 50.00 | 58.00 | OK | |
r-oldrel-macos-arm64 | 0.1.2 | 21.00 | NOTE | |||
r-oldrel-macos-x86_64 | 0.1.2 | 28.00 | NOTE | |||
r-oldrel-windows-x86_64 | 0.1.2 | 8.00 | 48.00 | 56.00 | NOTE |
Version: 0.1.2
Check: package dependencies
Result: NOTE
Package suggested but not available for checking: ‘INLA’
Flavors: r-devel-linux-x86_64-debian-clang, r-devel-linux-x86_64-debian-gcc, r-patched-linux-x86_64, r-release-linux-x86_64, r-release-macos-arm64, r-oldrel-macos-arm64, r-oldrel-macos-x86_64, r-oldrel-windows-x86_64