Last updated on 2024-05-13 03:49:29 CEST.
Flavor | Version | Tinstall | Tcheck | Ttotal | Status | Flags |
---|---|---|---|---|---|---|
r-devel-linux-x86_64-debian-clang | 1.3.3 | 15.80 | 348.95 | 364.75 | OK | |
r-devel-linux-x86_64-debian-gcc | 1.3.3 | 13.55 | 261.07 | 274.62 | OK | |
r-devel-linux-x86_64-fedora-clang | 1.3.3 | 471.51 | NOTE | |||
r-devel-linux-x86_64-fedora-gcc | 1.3.3 | 520.00 | NOTE | |||
r-devel-windows-x86_64 | 1.3.3 | 16.00 | 322.00 | 338.00 | OK | |
r-patched-linux-x86_64 | 1.3.3 | 20.98 | 350.29 | 371.27 | OK | |
r-release-linux-x86_64 | 1.3.3 | 11.91 | 339.08 | 350.99 | OK | |
r-release-macos-arm64 | 1.3.3 | 126.00 | OK | |||
r-release-windows-x86_64 | 1.3.3 | 17.00 | 323.00 | 340.00 | OK | |
r-oldrel-macos-arm64 | 1.3.3 | 168.00 | OK | |||
r-oldrel-macos-x86_64 | 1.3.3 | 383.00 | OK | |||
r-oldrel-windows-x86_64 | 1.3.3 | 19.00 | 399.00 | 418.00 | OK |
Version: 1.3.3
Check: data for non-ASCII characters
Result: NOTE
Note: found 7 marked UTF-8 strings
Flavors: r-devel-linux-x86_64-fedora-clang, r-devel-linux-x86_64-fedora-gcc