Last updated on 2024-05-04 03:50:18 CEST.
Flavor | Version | Tinstall | Tcheck | Ttotal | Status | Flags |
---|---|---|---|---|---|---|
r-devel-linux-x86_64-debian-clang | 1.1.29 | 11.19 | 110.28 | 121.47 | NOTE | |
r-devel-linux-x86_64-fedora-clang | 1.1.29 | 151.71 | NOTE | |||
r-devel-linux-x86_64-fedora-gcc | 1.1.29 | 163.96 | NOTE | |||
r-devel-windows-x86_64 | 1.1.29 | 11.00 | 95.00 | 106.00 | NOTE | |
r-patched-linux-x86_64 | 1.1.29 | 9.55 | 101.80 | 111.35 | NOTE | |
r-release-linux-x86_64 | 1.1.29 | 12.88 | 104.26 | 117.14 | NOTE | |
r-release-macos-arm64 | 1.1.29 | 49.00 | NOTE | |||
r-release-windows-x86_64 | 1.1.29 | 12.00 | 94.00 | 106.00 | NOTE | |
r-oldrel-macos-arm64 | 1.1.29 | 48.00 | OK | |||
r-oldrel-macos-x86_64 | 1.1.29 | 82.00 | OK | |||
r-oldrel-windows-x86_64 | 1.1.29 | 15.00 | 113.00 | 128.00 | OK |
Version: 1.1.29
Check: Rd files
Result: NOTE
checkRd: (-1) surrogates_ews.Rd:31: Lost braces
31 | \item{span}{parameter that controls the degree of smoothing (numeric between 0 and 100, Default 25). see more on loess{stats}}
| ^
checkRd: (-1) surrogates_ews.Rd:33: Lost braces
33 | \item{degree}{the degree of polynomial to be used for when loess fitting is applied, normally 1 or 2 (Default). see more on loess{stats}}
| ^
Flavors: r-devel-linux-x86_64-debian-clang, r-devel-linux-x86_64-fedora-clang, r-devel-linux-x86_64-fedora-gcc, r-devel-windows-x86_64, r-patched-linux-x86_64, r-release-linux-x86_64, r-release-macos-arm64, r-release-windows-x86_64
Version: 1.1.29
Check: dependencies in R code
Result: NOTE
Namespace in Imports field not imported from: ‘knitr’
All declared Imports should be used.
Flavors: r-devel-linux-x86_64-fedora-clang, r-devel-linux-x86_64-fedora-gcc