Last updated on 2024-05-01 15:54:16 CEST.
Flavor | Version | Tinstall | Tcheck | Ttotal | Status | Flags |
---|---|---|---|---|---|---|
r-devel-linux-x86_64-debian-clang | 2.1.1 | 33.78 | 196.45 | 230.23 | NOTE | |
r-devel-linux-x86_64-debian-gcc | 2.1.1 | 26.00 | 163.69 | 189.69 | NOTE | |
r-devel-linux-x86_64-fedora-clang | 2.1.1 | 318.83 | NOTE | |||
r-devel-linux-x86_64-fedora-gcc | 2.1.1 | 308.53 | NOTE | |||
r-devel-windows-x86_64 | 2.1.1 | 37.00 | 215.00 | 252.00 | NOTE | |
r-patched-linux-x86_64 | 2.1.1 | 26.81 | 192.94 | 219.75 | NOTE | |
r-release-linux-x86_64 | 2.1.1 | 30.49 | 211.45 | 241.94 | NOTE | |
r-release-macos-arm64 | 2.1.1 | 110.00 | NOTE | |||
r-release-windows-x86_64 | 2.1.1 | 34.00 | 216.00 | 250.00 | NOTE | |
r-oldrel-macos-arm64 | 2.1.1 | 124.00 | OK | |||
r-oldrel-macos-x86_64 | 2.1.1 | 192.00 | OK | |||
r-oldrel-windows-x86_64 | 2.1.1 | 45.00 | 256.00 | 301.00 | OK |
Version: 2.1.1
Check: Rd files
Result: NOTE
checkRd: (-1) transformFitness.Rd:25: Lost braces; missing escapes or markup?
25 | minimization (most others). This function computes a factor from {-1, 1} for
| ^
Flavors: r-devel-linux-x86_64-debian-clang, r-devel-linux-x86_64-debian-gcc, r-devel-linux-x86_64-fedora-clang, r-devel-linux-x86_64-fedora-gcc, r-devel-windows-x86_64, r-patched-linux-x86_64, r-release-linux-x86_64, r-release-macos-arm64, r-release-windows-x86_64