Last updated on 2024-05-02 04:00:17 CEST.
Flavor | Version | Tinstall | Tcheck | Ttotal | Status | Flags |
---|---|---|---|---|---|---|
r-devel-linux-x86_64-debian-clang | 2.2.7 | 52.96 | 133.61 | 186.57 | NOTE | |
r-devel-linux-x86_64-debian-gcc | 2.2.7 | 35.58 | 94.88 | 130.46 | NOTE | |
r-devel-linux-x86_64-fedora-clang | 2.2.7 | 236.66 | NOTE | |||
r-devel-linux-x86_64-fedora-gcc | 2.2.7 | 234.85 | NOTE | |||
r-devel-windows-x86_64 | 2.2.7 | 44.00 | 142.00 | 186.00 | NOTE | |
r-patched-linux-x86_64 | 2.2.7 | 34.97 | 123.00 | 157.97 | NOTE | |
r-release-linux-x86_64 | 2.2.7 | 45.38 | 125.82 | 171.20 | NOTE | |
r-release-macos-arm64 | 2.2.7 | 59.00 | NOTE | |||
r-release-windows-x86_64 | 2.2.7 | 42.00 | 138.00 | 180.00 | NOTE | |
r-oldrel-macos-arm64 | 2.2.7 | 58.00 | OK | |||
r-oldrel-macos-x86_64 | 2.2.7 | 102.00 | OK | |||
r-oldrel-windows-x86_64 | 2.2.7 | 52.00 | 168.00 | 220.00 | OK |
Version: 2.2.7
Check: Rd files
Result: NOTE
checkRd: (-1) plot.dma.Rd:46: Lost braces; missing escapes or markup?
46 | If {x} comes from estimation of Dynamic Model Selection (DMS) or Median Probability Model (MED), after executing \code{plot} the User is asked to choose
| ^
Flavors: r-devel-linux-x86_64-debian-clang, r-devel-linux-x86_64-debian-gcc, r-devel-linux-x86_64-fedora-clang, r-devel-linux-x86_64-fedora-gcc, r-devel-windows-x86_64, r-patched-linux-x86_64, r-release-linux-x86_64, r-release-macos-arm64, r-release-windows-x86_64