Last updated on 2024-05-21 15:50:23 CEST.
Flavor | Version | Tinstall | Tcheck | Ttotal | Status | Flags |
---|---|---|---|---|---|---|
r-devel-linux-x86_64-debian-clang | 4040.81 | 6.63 | 57.63 | 64.26 | OK | |
r-devel-linux-x86_64-debian-gcc | 4040.81 | 5.20 | 41.82 | 47.02 | OK | |
r-devel-linux-x86_64-fedora-clang | 4040.81 | 82.23 | OK | |||
r-devel-linux-x86_64-fedora-gcc | 4040.81 | 73.53 | OK | |||
r-devel-windows-x86_64 | 4040.81 | 9.00 | 60.00 | 69.00 | OK | |
r-patched-linux-x86_64 | 4021.80 | 8.82 | 54.67 | 63.49 | WARN | |
r-release-linux-x86_64 | 4040.81 | 7.00 | 54.38 | 61.38 | OK | |
r-release-macos-arm64 | 4040.81 | 27.00 | OK | |||
r-release-macos-x86_64 | 4040.81 | 55.00 | OK | |||
r-release-windows-x86_64 | 4040.81 | 10.00 | 62.00 | 72.00 | OK | |
r-oldrel-macos-arm64 | 4040.81 | 29.00 | OK | |||
r-oldrel-macos-x86_64 | 4040.81 | 52.00 | OK | |||
r-oldrel-windows-x86_64 | 4040.81 | 12.00 | 66.00 | 78.00 | OK |
Version: 4021.80
Check: whether package can be installed
Result: WARN
Found the following significant warnings:
Warning: Fortran 2018 deleted feature: Shared DO termination label 21 at (1)
Warning: Fortran 2018 deleted feature: Shared DO termination label 24 at (1)
Warning: Fortran 2018 deleted feature: Shared DO termination label 5 at (1)
Warning: Fortran 2018 deleted feature: DO termination statement which is not END DO or CONTINUE with label 3 at (1)
Warning: Fortran 2018 deleted feature: DO termination statement which is not END DO or CONTINUE with label 11 at (1)
Warning: Fortran 2018 deleted feature: DO termination statement which is not END DO or CONTINUE with label 12 at (1)
See ‘/home/hornik/tmp/R.check/r-patched-gcc/Work/PKGS/fUnitRoots.Rcheck/00install.out’ for details.
* used C compiler: ‘gcc-13 (Debian 13.2.0-24) 13.2.0’
* used Fortran compiler: ‘GNU Fortran (Debian 13.2.0-24) 13.2.0’
Flavor: r-patched-linux-x86_64