Last updated on 2024-05-08 03:52:13 CEST.
Flavor | Version | Tinstall | Tcheck | Ttotal | Status | Flags |
---|---|---|---|---|---|---|
r-devel-linux-x86_64-debian-clang | 0.3.4 | 39.84 | 197.83 | 237.67 | OK | |
r-devel-linux-x86_64-debian-gcc | 0.3.4 | 24.87 | 143.78 | 168.65 | OK | |
r-devel-linux-x86_64-fedora-clang | 0.3.4 | 299.71 | NOTE | |||
r-devel-linux-x86_64-fedora-gcc | 0.3.4 | 354.56 | OK | |||
r-devel-windows-x86_64 | 0.3.4 | 34.00 | 193.00 | 227.00 | OK | |
r-patched-linux-x86_64 | 0.3.4 | 31.93 | 186.04 | 217.97 | OK | |
r-release-linux-x86_64 | 0.3.4 | 27.48 | 194.24 | 221.72 | OK | |
r-release-macos-arm64 | 0.3.4 | 78.00 | OK | |||
r-release-macos-x86_64 | 0.3.4 | 196.00 | OK | |||
r-release-windows-x86_64 | 0.3.4 | 32.00 | 193.00 | 225.00 | OK | |
r-oldrel-macos-arm64 | 0.3.4 | 83.00 | OK | |||
r-oldrel-macos-x86_64 | 0.3.4 | 181.00 | OK | |||
r-oldrel-windows-x86_64 | 0.3.4 | 39.00 | 233.00 | 272.00 | OK |
Version: 0.3.4
Check: Rd cross-references
Result: NOTE
Undeclared package ‘lmtest’ in Rd xrefs
Flavor: r-devel-linux-x86_64-fedora-clang