Last updated on 2024-05-13 03:49:30 CEST.
Flavor | Version | Tinstall | Tcheck | Ttotal | Status | Flags |
---|---|---|---|---|---|---|
r-devel-linux-x86_64-debian-clang | 2.0.5 | 24.91 | 70.12 | 95.03 | NOTE | |
r-devel-linux-x86_64-debian-gcc | 2.0.5 | 19.98 | 54.90 | 74.88 | NOTE | |
r-devel-linux-x86_64-fedora-clang | 2.0.5 | 140.23 | NOTE | |||
r-devel-linux-x86_64-fedora-gcc | 2.0.5 | 199.93 | NOTE | |||
r-devel-windows-x86_64 | 2.0.5 | 24.00 | 103.00 | 127.00 | NOTE | |
r-patched-linux-x86_64 | 2.0.5 | 25.16 | 68.25 | 93.41 | NOTE | |
r-release-linux-x86_64 | 2.0.5 | 28.51 | 69.08 | 97.59 | NOTE | |
r-release-macos-arm64 | 2.0.5 | 46.00 | NOTE | |||
r-release-windows-x86_64 | 2.0.5 | 26.00 | 105.00 | 131.00 | NOTE | |
r-oldrel-macos-arm64 | 2.0.5 | 51.00 | NOTE | |||
r-oldrel-macos-x86_64 | 2.0.5 | 71.00 | NOTE | |||
r-oldrel-windows-x86_64 | 2.0.5 | 28.00 | 115.00 | 143.00 | NOTE |
Version: 2.0.5
Check: C++ specification
Result: NOTE
Specified C++11: please drop specification unless essential
Flavors: r-devel-linux-x86_64-debian-clang, r-devel-linux-x86_64-debian-gcc, r-devel-linux-x86_64-fedora-clang, r-devel-linux-x86_64-fedora-gcc, r-devel-windows-x86_64, r-patched-linux-x86_64, r-release-linux-x86_64, r-release-macos-arm64, r-release-windows-x86_64, r-oldrel-macos-arm64, r-oldrel-macos-x86_64, r-oldrel-windows-x86_64