Last updated on 2024-05-02 15:51:01 CEST.
Flavor | Version | Tinstall | Tcheck | Ttotal | Status | Flags |
---|---|---|---|---|---|---|
r-devel-linux-x86_64-debian-clang | 1.1.0 | 39.40 | 30.81 | 70.21 | NOTE | |
r-devel-linux-x86_64-debian-gcc | 1.1.0 | 29.82 | 23.17 | 52.99 | NOTE | |
r-devel-linux-x86_64-fedora-clang | 1.1.0 | 96.73 | NOTE | |||
r-devel-linux-x86_64-fedora-gcc | 1.1.0 | 98.97 | NOTE | |||
r-devel-windows-x86_64 | 1.1.0 | 30.00 | 69.00 | 99.00 | NOTE | |
r-patched-linux-x86_64 | 1.1.0 | 32.09 | 29.29 | 61.38 | NOTE | |
r-release-linux-x86_64 | 1.1.0 | 40.87 | 29.46 | 70.33 | NOTE | |
r-release-macos-arm64 | 1.1.0 | 26.00 | NOTE | |||
r-release-windows-x86_64 | 1.1.0 | 31.00 | 66.00 | 97.00 | NOTE | |
r-oldrel-macos-arm64 | 1.1.0 | 28.00 | NOTE | |||
r-oldrel-macos-x86_64 | 1.1.0 | 46.00 | NOTE | |||
r-oldrel-windows-x86_64 | 1.1.0 | 39.00 | 74.00 | 113.00 | NOTE |
Version: 1.1.0
Check: C++ specification
Result: NOTE
Specified C++11: please drop specification unless essential
Flavors: r-devel-linux-x86_64-debian-clang, r-devel-linux-x86_64-debian-gcc, r-devel-linux-x86_64-fedora-clang, r-devel-linux-x86_64-fedora-gcc, r-devel-windows-x86_64, r-patched-linux-x86_64, r-release-linux-x86_64, r-release-macos-arm64, r-release-windows-x86_64, r-oldrel-macos-arm64, r-oldrel-macos-x86_64, r-oldrel-windows-x86_64