Last updated on 2024-05-09 15:49:18 CEST.
Flavor | Version | Tinstall | Tcheck | Ttotal | Status | Flags |
---|---|---|---|---|---|---|
r-devel-linux-x86_64-debian-clang | 1.1.0 | 50.72 | 71.37 | 122.09 | NOTE | |
r-devel-linux-x86_64-debian-gcc | 1.1.0 | 27.67 | 50.53 | 78.20 | NOTE | |
r-devel-linux-x86_64-fedora-clang | 1.1.0 | 158.92 | NOTE | |||
r-devel-linux-x86_64-fedora-gcc | 1.1.0 | 200.41 | NOTE | |||
r-devel-windows-x86_64 | 1.1.0 | 31.00 | 87.00 | 118.00 | NOTE | |
r-patched-linux-x86_64 | 1.1.0 | 33.03 | 65.51 | 98.54 | NOTE | |
r-release-linux-x86_64 | 1.1.0 | 42.05 | 65.48 | 107.53 | NOTE | |
r-release-macos-arm64 | 1.1.0 | 41.00 | NOTE | |||
r-release-windows-x86_64 | 1.1.0 | 31.00 | 87.00 | 118.00 | NOTE | |
r-oldrel-macos-arm64 | 1.1.0 | 43.00 | OK | |||
r-oldrel-macos-x86_64 | 1.1.0 | 114.00 | OK | |||
r-oldrel-windows-x86_64 | 1.1.0 | 39.00 | 98.00 | 137.00 | OK |
Version: 1.1.0
Check: Rd files
Result: NOTE
checkRd: (-1) plot_lines.Rd:66: Lost braces
66 | moderator. By default it is equal to \8code{c(19, 17, 15, 8, 5, 4, 3, 1)}.}
| ^
Flavors: r-devel-linux-x86_64-debian-clang, r-devel-linux-x86_64-debian-gcc, r-devel-linux-x86_64-fedora-clang, r-devel-linux-x86_64-fedora-gcc, r-devel-windows-x86_64, r-patched-linux-x86_64, r-release-linux-x86_64, r-release-macos-arm64, r-release-windows-x86_64