Last updated on 2024-05-03 03:58:47 CEST.
Flavor | Version | Tinstall | Tcheck | Ttotal | Status | Flags |
---|---|---|---|---|---|---|
r-devel-linux-x86_64-debian-clang | 0.9.4.4 | 19.33 | 153.47 | 172.80 | NOTE | |
r-devel-linux-x86_64-debian-gcc | 0.9.4.4 | 14.68 | 111.09 | 125.77 | NOTE | |
r-devel-linux-x86_64-fedora-clang | 0.9.4.4 | 223.68 | NOTE | |||
r-devel-linux-x86_64-fedora-gcc | 0.9.4.4 | 218.64 | NOTE | |||
r-devel-windows-x86_64 | 0.9.4.4 | 16.00 | 128.00 | 144.00 | NOTE | |
r-patched-linux-x86_64 | 0.9.4.4 | 16.79 | 140.68 | 157.47 | NOTE | |
r-release-linux-x86_64 | 0.9.4.4 | 11.89 | 144.25 | 156.14 | NOTE | |
r-release-macos-arm64 | 0.9.4.4 | 62.00 | NOTE | |||
r-release-windows-x86_64 | 0.9.4.4 | 15.00 | 127.00 | 142.00 | NOTE | |
r-oldrel-macos-arm64 | 0.9.4.4 | 73.00 | NOTE | |||
r-oldrel-macos-x86_64 | 0.9.4.4 | 122.00 | NOTE | |||
r-oldrel-windows-x86_64 | 0.9.4.4 | 19.00 | 152.00 | 171.00 | NOTE |
Version: 0.9.4.4
Check: package dependencies
Result: NOTE
Packages suggested but not available for checking:
'extraTrees', 'foba', 'nodeHarvest', 'obliqueRF', 'penalizedLDA',
'relaxo', 'rrlda'
Flavors: r-devel-linux-x86_64-debian-clang, r-devel-linux-x86_64-debian-gcc, r-devel-linux-x86_64-fedora-clang, r-devel-linux-x86_64-fedora-gcc, r-patched-linux-x86_64, r-release-linux-x86_64
Version: 0.9.4.4
Check: package dependencies
Result: NOTE
Packages suggested but not available for checking:
'extraTrees', 'foba', 'nodeHarvest', 'obliqueRF', 'relaxo', 'rrlda'
Flavors: r-devel-windows-x86_64, r-release-macos-arm64, r-release-windows-x86_64, r-oldrel-macos-arm64, r-oldrel-macos-x86_64, r-oldrel-windows-x86_64