Last updated on 2024-05-19 15:50:49 CEST.
Flavor | Version | Tinstall | Tcheck | Ttotal | Status | Flags |
---|---|---|---|---|---|---|
r-devel-linux-x86_64-debian-clang | 0.0.2 | 1.94 | 19.50 | 21.44 | OK | |
r-devel-linux-x86_64-debian-gcc | 0.0.2 | 1.45 | 15.39 | 16.84 | OK | |
r-devel-linux-x86_64-fedora-clang | 0.0.2 | 27.40 | NOTE | |||
r-devel-linux-x86_64-fedora-gcc | 0.0.2 | 29.23 | OK | |||
r-devel-windows-x86_64 | 0.0.2 | 2.00 | 33.00 | 35.00 | OK | |
r-patched-linux-x86_64 | 0.0.2 | 1.99 | 18.90 | 20.89 | OK | |
r-release-linux-x86_64 | 0.0.2 | 1.83 | 18.84 | 20.67 | OK | |
r-release-macos-arm64 | 0.0.2 | 13.00 | OK | |||
r-release-windows-x86_64 | 0.0.2 | 2.00 | 33.00 | 35.00 | OK | |
r-oldrel-macos-arm64 | 0.0.2 | 14.00 | OK | |||
r-oldrel-macos-x86_64 | 0.0.2 | 18.00 | OK | |||
r-oldrel-windows-x86_64 | 0.0.2 | 3.00 | 32.00 | 35.00 | OK |
Version: 0.0.2
Check: Rd cross-references
Result: NOTE
Undeclared packages ‘fortunes’, ‘rmsfact’ in Rd xrefs
Flavor: r-devel-linux-x86_64-fedora-clang