Last updated on 2024-05-13 03:49:32 CEST.
Flavor | Version | Tinstall | Tcheck | Ttotal | Status | Flags |
---|---|---|---|---|---|---|
r-devel-linux-x86_64-debian-clang | 1.0-1 | 2.05 | 57.24 | 59.29 | NOTE | |
r-devel-linux-x86_64-debian-gcc | 1.0-1 | 2.62 | 41.14 | 43.76 | NOTE | |
r-devel-linux-x86_64-fedora-clang | 1.0-1 | 78.71 | NOTE | |||
r-devel-linux-x86_64-fedora-gcc | 1.0-1 | 117.66 | NOTE | |||
r-devel-windows-x86_64 | 1.0-1 | 3.00 | 59.00 | 62.00 | NOTE | |
r-patched-linux-x86_64 | 1.0-1 | 3.25 | 53.18 | 56.43 | NOTE | |
r-release-linux-x86_64 | 1.0-1 | 3.28 | 53.95 | 57.23 | NOTE | |
r-release-macos-arm64 | 1.0-1 | 22.00 | NOTE | |||
r-release-windows-x86_64 | 1.0-1 | 4.00 | 62.00 | 66.00 | NOTE | |
r-oldrel-macos-arm64 | 1.0-1 | 24.00 | NOTE | |||
r-oldrel-macos-x86_64 | 1.0-1 | 37.00 | NOTE | |||
r-oldrel-windows-x86_64 | 1.0-1 | 4.00 | 66.00 | 70.00 | NOTE |
Version: 1.0-1
Check: LazyData
Result: NOTE
'LazyData' is specified without a 'data' directory
Flavors: r-devel-linux-x86_64-debian-clang, r-devel-linux-x86_64-debian-gcc, r-devel-linux-x86_64-fedora-clang, r-devel-linux-x86_64-fedora-gcc, r-devel-windows-x86_64, r-patched-linux-x86_64, r-release-linux-x86_64, r-release-macos-arm64, r-release-windows-x86_64, r-oldrel-macos-arm64, r-oldrel-macos-x86_64, r-oldrel-windows-x86_64