Last updated on 2024-05-13 03:49:32 CEST.
Flavor | Version | Tinstall | Tcheck | Ttotal | Status | Flags |
---|---|---|---|---|---|---|
r-devel-linux-x86_64-debian-clang | 0.2.8 | 33.61 | 336.67 | 370.28 | OK | |
r-devel-linux-x86_64-debian-gcc | 0.2.8 | 30.13 | 239.49 | 269.62 | OK | |
r-devel-linux-x86_64-fedora-clang | 0.2.8 | 478.70 | NOTE | |||
r-devel-linux-x86_64-fedora-gcc | 0.2.8 | 601.52 | NOTE | |||
r-devel-windows-x86_64 | 0.2.8 | 28.00 | 208.00 | 236.00 | OK | |
r-patched-linux-x86_64 | 0.2.8 | 26.02 | 314.86 | 340.88 | OK | |
r-release-linux-x86_64 | 0.2.8 | 24.54 | 322.65 | 347.19 | OK | |
r-release-macos-arm64 | 0.2.8 | 114.00 | OK | |||
r-release-windows-x86_64 | 0.2.8 | 29.00 | 206.00 | 235.00 | OK | |
r-oldrel-macos-arm64 | 0.2.8 | 105.00 | OK | |||
r-oldrel-macos-x86_64 | 0.2.8 | 223.00 | OK | |||
r-oldrel-windows-x86_64 | 0.2.8 | 39.00 | 281.00 | 320.00 | OK |
Version: 0.2.8
Check: data for non-ASCII characters
Result: NOTE
Note: found 64 marked Latin-1 strings
Note: found 25 marked UTF-8 strings
Flavors: r-devel-linux-x86_64-fedora-clang, r-devel-linux-x86_64-fedora-gcc