Last updated on 2024-05-13 03:49:32 CEST.
Flavor | Version | Tinstall | Tcheck | Ttotal | Status | Flags |
---|---|---|---|---|---|---|
r-devel-linux-x86_64-debian-clang | 0.6.0 | 17.55 | 306.71 | 324.26 | OK | |
r-devel-linux-x86_64-debian-gcc | 0.6.0 | 12.21 | 218.93 | 231.14 | OK | |
r-devel-linux-x86_64-fedora-clang | 0.6.0 | 387.07 | NOTE | |||
r-devel-linux-x86_64-fedora-gcc | 0.6.0 | 401.63 | OK | |||
r-devel-windows-x86_64 | 0.6.0 | 15.00 | 234.00 | 249.00 | OK | |
r-patched-linux-x86_64 | 0.6.0 | 25.85 | 282.39 | 308.24 | OK | |
r-release-linux-x86_64 | 0.6.0 | 15.74 | 285.75 | 301.49 | OK | |
r-release-macos-arm64 | 0.6.0 | 93.00 | OK | |||
r-release-windows-x86_64 | 0.6.0 | 16.00 | 227.00 | 243.00 | OK | |
r-oldrel-macos-arm64 | 0.6.0 | 119.00 | OK | |||
r-oldrel-macos-x86_64 | 0.6.0 | 194.00 | OK | |||
r-oldrel-windows-x86_64 | 0.6.0 | 22.00 | 303.00 | 325.00 | OK |
Version: 0.6.0
Check: Rd cross-references
Result: NOTE
Undeclared package ‘car’ in Rd xrefs
Flavor: r-devel-linux-x86_64-fedora-clang