Last updated on 2024-05-11 03:51:54 CEST.
Flavor | Version | Tinstall | Tcheck | Ttotal | Status | Flags |
---|---|---|---|---|---|---|
r-devel-linux-x86_64-debian-clang | 1.6.8 | 254.47 | 140.12 | 394.59 | OK | |
r-devel-linux-x86_64-debian-gcc | 1.6.8 | 188.78 | 96.98 | 285.76 | OK | |
r-devel-linux-x86_64-fedora-clang | 1.6.8 | 599.28 | OK | |||
r-devel-linux-x86_64-fedora-gcc | 1.6.8 | 619.06 | OK | |||
r-devel-windows-x86_64 | 1.6.8 | 196.00 | 132.00 | 328.00 | OK | |
r-patched-linux-x86_64 | 1.6.8 | 248.07 | 128.96 | 377.03 | OK | |
r-release-linux-x86_64 | 1.6.8 | 248.50 | 126.43 | 374.93 | OK | |
r-release-macos-arm64 | 1.6.8 | 115.00 | NOTE | |||
r-release-macos-x86_64 | 1.6.8 | 226.00 | NOTE | |||
r-release-windows-x86_64 | 1.6.8 | 192.00 | 131.00 | 323.00 | OK | |
r-oldrel-macos-arm64 | 1.6.8 | 112.00 | NOTE | |||
r-oldrel-macos-x86_64 | 1.6.8 | 175.00 | NOTE | |||
r-oldrel-windows-x86_64 | 1.6.8 | 237.00 | 152.00 | 389.00 | OK |
Version: 1.6.8
Check: installed package size
Result: NOTE
installed size is 7.4Mb
sub-directories of 1Mb or more:
libs 5.7Mb
Flavors: r-release-macos-arm64, r-release-macos-x86_64, r-oldrel-macos-arm64, r-oldrel-macos-x86_64