Last updated on 2024-05-02 15:51:02 CEST.
Flavor | Version | Tinstall | Tcheck | Ttotal | Status | Flags |
---|---|---|---|---|---|---|
r-devel-linux-x86_64-debian-clang | 1.0.5.1 | 130.06 | 69.08 | 199.14 | OK | |
r-devel-linux-x86_64-debian-gcc | 1.0.5.1 | 86.65 | 53.28 | 139.93 | OK | |
r-devel-linux-x86_64-fedora-clang | 1.0.5.1 | 299.85 | OK | |||
r-devel-linux-x86_64-fedora-gcc | 1.0.5.1 | 310.19 | OK | |||
r-devel-windows-x86_64 | 1.0.5.1 | 94.00 | 5.00 | 99.00 | ERROR | |
r-patched-linux-x86_64 | 1.0.5.1 | 113.32 | 67.79 | 181.11 | OK | |
r-release-linux-x86_64 | 1.0.5.1 | 113.38 | 65.92 | 179.30 | OK | |
r-release-macos-arm64 | 1.0.5.1 | 63.00 | NOTE | |||
r-release-macos-x86_64 | 1.0.5.1 | 87.00 | NOTE | |||
r-release-windows-x86_64 | 1.0.5.1 | 94.00 | 107.00 | 201.00 | OK | |
r-oldrel-macos-arm64 | 1.0.5.1 | 155.00 | NOTE | |||
r-oldrel-macos-x86_64 | 1.0.5.1 | 147.00 | NOTE | |||
r-oldrel-windows-x86_64 | 1.0.5.1 | 114.00 | 120.00 | 234.00 | OK |
Version: 1.0.5.1
Check: whether package can be installed
Result: ERROR
Installation failed.
Flavor: r-devel-windows-x86_64
Version: 1.0.5.1
Check: installed package size
Result: NOTE
installed size is 9.7Mb
sub-directories of 1Mb or more:
libs 9.3Mb
Flavors: r-release-macos-arm64, r-release-macos-x86_64, r-oldrel-macos-arm64, r-oldrel-macos-x86_64
Version: 1.0.5.1
Check: package dependencies
Result: NOTE
Package suggested but not available for checking: ‘snplist’
Flavor: r-release-macos-x86_64