Last updated on 2024-05-19 15:50:50 CEST.
Flavor | Version | Tinstall | Tcheck | Ttotal | Status | Flags |
---|---|---|---|---|---|---|
r-devel-linux-x86_64-debian-clang | 0.2.0 | 4.25 | 22.94 | 27.19 | OK | |
r-devel-linux-x86_64-debian-gcc | 0.2.0 | 3.97 | 18.17 | 22.14 | OK | |
r-devel-linux-x86_64-fedora-clang | 0.2.0 | 35.58 | NOTE | |||
r-devel-linux-x86_64-fedora-gcc | 0.2.0 | 39.50 | NOTE | |||
r-devel-windows-x86_64 | 0.2.0 | 5.00 | 39.00 | 44.00 | OK | |
r-patched-linux-x86_64 | 0.2.0 | 5.02 | 22.90 | 27.92 | OK | |
r-release-linux-x86_64 | 0.2.0 | 5.19 | 22.30 | 27.49 | OK | |
r-release-macos-arm64 | 0.2.0 | 17.00 | OK | |||
r-release-windows-x86_64 | 0.2.0 | 6.00 | 37.00 | 43.00 | OK | |
r-oldrel-macos-arm64 | 0.2.0 | 18.00 | OK | |||
r-oldrel-macos-x86_64 | 0.2.0 | 24.00 | OK | |||
r-oldrel-windows-x86_64 | 0.2.0 | 8.00 | 39.00 | 47.00 | OK |
Version: 0.2.0
Check: data for non-ASCII characters
Result: NOTE
Note: found 104392 marked UTF-8 strings
Flavors: r-devel-linux-x86_64-fedora-clang, r-devel-linux-x86_64-fedora-gcc