Last updated on 2024-05-13 03:49:33 CEST.
Flavor | Version | Tinstall | Tcheck | Ttotal | Status | Flags |
---|---|---|---|---|---|---|
r-devel-linux-x86_64-debian-clang | 0.6 | 11.35 | 124.34 | 135.69 | NOTE | |
r-devel-linux-x86_64-debian-gcc | 0.6 | 9.61 | 91.38 | 100.99 | NOTE | |
r-devel-linux-x86_64-fedora-clang | 0.6 | 168.64 | NOTE | |||
r-devel-linux-x86_64-fedora-gcc | 0.6 | 219.55 | NOTE | |||
r-devel-windows-x86_64 | 0.6 | 11.00 | 115.00 | 126.00 | NOTE | |
r-patched-linux-x86_64 | 0.6 | 12.11 | 118.85 | 130.96 | NOTE | |
r-release-linux-x86_64 | 0.6 | 7.72 | 117.66 | 125.38 | NOTE | |
r-release-macos-arm64 | 0.6 | 52.00 | NOTE | |||
r-release-windows-x86_64 | 0.6 | 11.00 | 115.00 | 126.00 | NOTE | |
r-oldrel-macos-arm64 | 0.6 | 55.00 | NOTE | |||
r-oldrel-macos-x86_64 | 0.6 | 99.00 | NOTE | |||
r-oldrel-windows-x86_64 | 0.6 | 14.00 | 145.00 | 159.00 | OK |
Version: 0.6
Check: Rd files
Result: NOTE
checkRd: (-1) hero.Rd:67-68: Lost braces
67 | then \code{\link[pbapply]{pblapply}} is used. If code{package ==
| ^
checkRd: (-1) hero.Rd:69: Lost braces
69 | code{package == "Rmpi"}, then \code{\link[Rmpi]{mpi.applyLB}} is used.}
| ^
Flavors: r-devel-linux-x86_64-debian-clang, r-devel-linux-x86_64-debian-gcc, r-devel-linux-x86_64-fedora-clang, r-devel-linux-x86_64-fedora-gcc, r-devel-windows-x86_64, r-patched-linux-x86_64, r-release-linux-x86_64, r-release-macos-arm64, r-release-windows-x86_64
Version: 0.6
Check: package dependencies
Result: NOTE
Package suggested but not available for checking: ‘Rmpi’
Flavors: r-release-macos-arm64, r-oldrel-macos-arm64, r-oldrel-macos-x86_64
Version: 0.6
Check: Rd cross-references
Result: NOTE
Package unavailable to check Rd xrefs: ‘Rmpi’
Flavors: r-release-macos-arm64, r-oldrel-macos-arm64, r-oldrel-macos-x86_64