Last updated on 2024-05-09 15:49:20 CEST.
Flavor | Version | Tinstall | Tcheck | Ttotal | Status | Flags |
---|---|---|---|---|---|---|
r-devel-linux-x86_64-debian-clang | 0.3-0 | 43.13 | 38.02 | 81.15 | OK | |
r-devel-linux-x86_64-debian-gcc | 0.3-0 | 31.74 | 28.32 | 60.06 | OK | |
r-devel-linux-x86_64-fedora-clang | 0.3-0 | 103.83 | NOTE | |||
r-devel-linux-x86_64-fedora-gcc | 0.3-0 | 155.33 | OK | |||
r-devel-windows-x86_64 | 0.3-0 | 30.00 | 75.00 | 105.00 | OK | |
r-patched-linux-x86_64 | 0.3-0 | 40.61 | 36.72 | 77.33 | OK | |
r-release-linux-x86_64 | 0.3-0 | 36.49 | 35.64 | 72.13 | OK | |
r-release-macos-arm64 | 0.3-0 | 34.00 | OK | |||
r-release-windows-x86_64 | 0.3-0 | 28.00 | 74.00 | 102.00 | OK | |
r-oldrel-macos-arm64 | 0.3-0 | 37.00 | NOTE | |||
r-oldrel-macos-x86_64 | 0.3-0 | 73.00 | NOTE | |||
r-oldrel-windows-x86_64 | 0.3-0 | 37.00 | 81.00 | 118.00 | OK |
Version: 0.3-0
Check: Rd cross-references
Result: NOTE
Undeclared package ‘lme4’ in Rd xrefs
Flavor: r-devel-linux-x86_64-fedora-clang
Version: 0.3-0
Check: installed package size
Result: NOTE
installed size is 5.2Mb
sub-directories of 1Mb or more:
libs 4.4Mb
Flavors: r-oldrel-macos-arm64, r-oldrel-macos-x86_64