Last updated on 2024-05-11 03:51:56 CEST.
Flavor | Version | Tinstall | Tcheck | Ttotal | Status | Flags |
---|---|---|---|---|---|---|
r-devel-linux-x86_64-debian-clang | 2.10.1 | 26.17 | 301.82 | 327.99 | NOTE | |
r-devel-linux-x86_64-debian-gcc | 2.10.1 | 23.29 | 216.55 | 239.84 | NOTE | |
r-devel-linux-x86_64-fedora-clang | 2.10.1 | 400.16 | OK | |||
r-devel-linux-x86_64-fedora-gcc | 2.10.1 | 522.01 | OK | |||
r-devel-windows-x86_64 | 2.10.1 | 26.00 | 235.00 | 261.00 | OK | |
r-patched-linux-x86_64 | 2.10.1 | 37.99 | 284.47 | 322.46 | NOTE | |
r-release-linux-x86_64 | 2.10.1 | 25.03 | 281.94 | 306.97 | NOTE | |
r-release-macos-arm64 | 2.10.1 | 100.00 | NOTE | |||
r-release-windows-x86_64 | 2.10.1 | 25.00 | 229.00 | 254.00 | OK | |
r-oldrel-macos-arm64 | 2.10.1 | 128.00 | NOTE | |||
r-oldrel-macos-x86_64 | 2.10.1 | 209.00 | NOTE | |||
r-oldrel-windows-x86_64 | 2.10.1 | 33.00 | 293.00 | 326.00 | NOTE |
Version: 2.10.1
Check: package dependencies
Result: NOTE
Package suggested but not available for checking: ‘INLA’
Flavors: r-devel-linux-x86_64-debian-clang, r-devel-linux-x86_64-debian-gcc, r-patched-linux-x86_64, r-release-linux-x86_64, r-release-macos-arm64, r-oldrel-macos-arm64, r-oldrel-macos-x86_64, r-oldrel-windows-x86_64