Last updated on 2024-05-09 15:49:21 CEST.
Flavor | Version | Tinstall | Tcheck | Ttotal | Status | Flags |
---|---|---|---|---|---|---|
r-devel-linux-x86_64-debian-clang | 0.7.2 | 20.40 | 174.35 | 194.75 | NOTE | |
r-devel-linux-x86_64-debian-gcc | 0.7.2 | 14.89 | 128.94 | 143.83 | NOTE | |
r-devel-linux-x86_64-fedora-clang | 0.7.2 | 235.58 | NOTE | |||
r-devel-linux-x86_64-fedora-gcc | 0.7.2 | 286.48 | NOTE | |||
r-devel-windows-x86_64 | 0.7.2 | 17.00 | 146.00 | 163.00 | NOTE | |
r-patched-linux-x86_64 | 0.7.2 | 19.19 | 165.04 | 184.23 | NOTE | |
r-release-linux-x86_64 | 0.7.2 | 14.54 | 163.37 | 177.91 | NOTE | |
r-release-macos-arm64 | 0.7.2 | 69.00 | NOTE | |||
r-release-windows-x86_64 | 0.7.2 | 18.00 | 149.00 | 167.00 | NOTE | |
r-oldrel-macos-arm64 | 0.7.2 | 71.00 | OK | |||
r-oldrel-macos-x86_64 | 0.7.2 | 119.00 | OK | |||
r-oldrel-windows-x86_64 | 0.7.2 | 21.00 | 187.00 | 208.00 | OK |
Version: 0.7.2
Check: Rd files
Result: NOTE
checkRd: (-1) model_performance.Rd:21: Lost braces in \itemize; meant \describe ?
checkRd: (-1) model_performance.Rd:22: Lost braces in \itemize; meant \describe ?
checkRd: (-1) model_performance.Rd:23: Lost braces in \itemize; meant \describe ?
Flavors: r-devel-linux-x86_64-debian-clang, r-devel-linux-x86_64-debian-gcc, r-devel-linux-x86_64-fedora-clang, r-devel-linux-x86_64-fedora-gcc, r-devel-windows-x86_64, r-patched-linux-x86_64, r-release-linux-x86_64, r-release-macos-arm64, r-release-windows-x86_64