Last updated on 2024-05-19 15:50:51 CEST.
Flavor | Version | Tinstall | Tcheck | Ttotal | Status | Flags |
---|---|---|---|---|---|---|
r-devel-linux-x86_64-debian-clang | 0.2.5 | 3.29 | 26.89 | 30.18 | OK | |
r-devel-linux-x86_64-debian-gcc | 0.2.5 | 2.28 | 21.51 | 23.79 | OK | |
r-devel-linux-x86_64-fedora-clang | 0.2.5 | 39.31 | NOTE | |||
r-devel-linux-x86_64-fedora-gcc | 0.2.5 | 52.26 | NOTE | |||
r-devel-windows-x86_64 | 0.2.5 | 4.00 | 52.00 | 56.00 | OK | |
r-patched-linux-x86_64 | 0.2.5 | 3.35 | 27.10 | 30.45 | OK | |
r-release-linux-x86_64 | 0.2.5 | 2.67 | 26.73 | 29.40 | OK | |
r-release-macos-arm64 | 0.2.5 | 23.00 | OK | |||
r-release-windows-x86_64 | 0.2.5 | 6.00 | 52.00 | 58.00 | OK | |
r-oldrel-macos-arm64 | 0.2.5 | 26.00 | OK | |||
r-oldrel-macos-x86_64 | 0.2.5 | 34.00 | OK | |||
r-oldrel-windows-x86_64 | 0.2.5 | 9.00 | 51.00 | 60.00 | OK |
Version: 0.2.5
Check: compiled code
Result: NOTE
File ‘isingLenzMC/libs/isingLenzMC.so’:
Found no calls to: ‘R_registerRoutines’, ‘R_useDynamicSymbols’
It is good practice to register native routines and to disable symbol
search.
See ‘Writing portable packages’ in the ‘Writing R Extensions’ manual.
Flavors: r-devel-linux-x86_64-fedora-clang, r-devel-linux-x86_64-fedora-gcc