Last updated on 2024-05-09 15:49:22 CEST.
Flavor | Version | Tinstall | Tcheck | Ttotal | Status | Flags |
---|---|---|---|---|---|---|
r-devel-linux-x86_64-debian-clang | 1.0.1 | 37.59 | 121.86 | 159.45 | OK | |
r-devel-linux-x86_64-debian-gcc | 1.0.1 | 34.16 | 90.50 | 124.66 | OK | |
r-devel-linux-x86_64-fedora-clang | 1.0.1 | 217.21 | NOTE | |||
r-devel-linux-x86_64-fedora-gcc | 1.0.1 | 278.88 | NOTE | |||
r-devel-windows-x86_64 | 1.0.1 | 36.00 | 131.00 | 167.00 | OK | |
r-patched-linux-x86_64 | 1.0.1 | 33.28 | 116.43 | 149.71 | OK | |
r-release-linux-x86_64 | 1.0.1 | 35.78 | 117.36 | 153.14 | OK | |
r-release-macos-arm64 | 1.0.1 | 61.00 | OK | |||
r-release-windows-x86_64 | 1.0.1 | 37.00 | 131.00 | 168.00 | OK | |
r-oldrel-macos-arm64 | 1.0.1 | 68.00 | OK | |||
r-oldrel-macos-x86_64 | 1.0.1 | 103.00 | OK | |||
r-oldrel-windows-x86_64 | 1.0.1 | 45.00 | 150.00 | 195.00 | OK |
Version: 1.0.1
Check: data for non-ASCII characters
Result: NOTE
Note: found 58 marked UTF-8 strings
Flavors: r-devel-linux-x86_64-fedora-clang, r-devel-linux-x86_64-fedora-gcc