Last updated on 2024-05-07 03:59:34 CEST.
Flavor | Version | Tinstall | Tcheck | Ttotal | Status | Flags |
---|---|---|---|---|---|---|
r-devel-linux-x86_64-debian-clang | 1.1.1 | 281.57 | 37.79 | 319.36 | NOTE | |
r-devel-linux-x86_64-debian-gcc | 1.1.1 | 217.30 | 28.84 | 246.14 | NOTE | |
r-devel-linux-x86_64-fedora-clang | 1.1.1 | 497.39 | NOTE | |||
r-devel-linux-x86_64-fedora-gcc | 1.1.1 | 547.48 | NOTE | |||
r-devel-windows-x86_64 | 1.1.1 | 222.00 | 79.00 | 301.00 | NOTE | |
r-patched-linux-x86_64 | 1.1.1 | 285.51 | 36.11 | 321.62 | NOTE | |
r-release-linux-x86_64 | 1.1.1 | 291.05 | 35.52 | 326.57 | NOTE | |
r-release-macos-arm64 | 1.1.1 | 76.00 | NOTE | |||
r-release-windows-x86_64 | 1.1.1 | 216.00 | 78.00 | 294.00 | NOTE | |
r-oldrel-macos-arm64 | 1.1.1 | 97.00 | NOTE | |||
r-oldrel-macos-x86_64 | 1.1.1 | 174.00 | NOTE | |||
r-oldrel-windows-x86_64 | 1.1.1 | 259.00 | 85.00 | 344.00 | NOTE |
Version: 1.1.1
Check: C++ specification
Result: NOTE
Specified C++11: please drop specification unless essential
Flavors: r-devel-linux-x86_64-debian-clang, r-devel-linux-x86_64-debian-gcc, r-devel-linux-x86_64-fedora-clang, r-devel-linux-x86_64-fedora-gcc, r-devel-windows-x86_64, r-patched-linux-x86_64, r-release-linux-x86_64, r-release-macos-arm64, r-release-windows-x86_64, r-oldrel-macos-arm64, r-oldrel-macos-x86_64, r-oldrel-windows-x86_64
Version: 1.1.1
Check: installed package size
Result: NOTE
installed size is 6.6Mb
sub-directories of 1Mb or more:
data 1.1Mb
libs 5.4Mb
Flavors: r-release-macos-arm64, r-oldrel-macos-arm64, r-oldrel-macos-x86_64