Last updated on 2024-05-09 15:49:23 CEST.
Flavor | Version | Tinstall | Tcheck | Ttotal | Status | Flags |
---|---|---|---|---|---|---|
r-devel-linux-x86_64-debian-clang | 1.5.5 | 660.81 | 341.65 | 1002.46 | NOTE | |
r-devel-linux-x86_64-debian-gcc | 1.5.5 | 548.95 | 257.09 | 806.04 | NOTE | |
r-devel-linux-x86_64-fedora-clang | 1.5.5 | 1379.17 | NOTE | |||
r-devel-linux-x86_64-fedora-gcc | 1.5.5 | 1716.82 | NOTE | |||
r-devel-windows-x86_64 | 1.5.5 | 526.00 | 335.00 | 861.00 | NOTE | |
r-patched-linux-x86_64 | 1.5.5 | 525.05 | 336.98 | 862.03 | NOTE | |
r-release-linux-x86_64 | 1.5.5 | 511.79 | 330.62 | 842.41 | NOTE | |
r-release-macos-arm64 | 1.5.5 | 309.00 | NOTE | |||
r-release-macos-x86_64 | 1.5.5 | 370.00 | NOTE | |||
r-release-windows-x86_64 | 1.5.5 | 514.00 | 334.00 | 848.00 | NOTE | |
r-oldrel-macos-arm64 | 1.5.5 | 305.00 | NOTE | |||
r-oldrel-macos-x86_64 | 1.5.5 | 414.00 | NOTE | |||
r-oldrel-windows-x86_64 | 1.5.5 | 650.00 | 414.00 | 1064.00 | NOTE |
Version: 1.5.5
Check: for GNU extensions in Makefiles
Result: NOTE
GNU make is a SystemRequirements.
Flavors: r-devel-linux-x86_64-debian-clang, r-devel-linux-x86_64-debian-gcc, r-devel-linux-x86_64-fedora-clang, r-devel-linux-x86_64-fedora-gcc, r-devel-windows-x86_64, r-patched-linux-x86_64, r-release-linux-x86_64, r-release-macos-arm64, r-release-macos-x86_64, r-release-windows-x86_64, r-oldrel-macos-arm64, r-oldrel-macos-x86_64, r-oldrel-windows-x86_64
Version: 1.5.5
Check: installed package size
Result: NOTE
installed size is 6.8Mb
sub-directories of 1Mb or more:
help 1.1Mb
libs 3.9Mb
Flavors: r-devel-linux-x86_64-fedora-clang, r-devel-windows-x86_64, r-release-macos-arm64, r-release-macos-x86_64, r-release-windows-x86_64, r-oldrel-macos-arm64, r-oldrel-macos-x86_64, r-oldrel-windows-x86_64