Last updated on 2024-05-02 15:51:05 CEST.
Flavor | Version | Tinstall | Tcheck | Ttotal | Status | Flags |
---|---|---|---|---|---|---|
r-devel-linux-x86_64-debian-clang | 0.9-4 | 2.89 | 28.23 | 31.12 | NOTE | |
r-devel-linux-x86_64-debian-gcc | 0.9-4 | 1.99 | 21.70 | 23.69 | NOTE | |
r-devel-linux-x86_64-fedora-clang | 0.9-4 | 40.44 | NOTE | |||
r-devel-linux-x86_64-fedora-gcc | 0.9-4 | 38.27 | NOTE | |||
r-devel-windows-x86_64 | 0.9-4 | 4.00 | 44.00 | 48.00 | NOTE | |
r-patched-linux-x86_64 | 0.9-4 | 3.67 | 27.33 | 31.00 | NOTE | |
r-release-linux-x86_64 | 0.9-4 | 3.45 | 27.10 | 30.55 | NOTE | |
r-release-macos-arm64 | 0.9-4 | 15.00 | NOTE | |||
r-release-windows-x86_64 | 0.9-4 | 4.00 | 43.00 | 47.00 | NOTE | |
r-oldrel-macos-arm64 | 0.9-4 | 19.00 | NOTE | |||
r-oldrel-macos-x86_64 | 0.9-4 | 22.00 | NOTE | |||
r-oldrel-windows-x86_64 | 0.9-4 | 4.00 | 45.00 | 49.00 | NOTE |
Version: 0.9-4
Check: Rd files
Result: NOTE
checkRd: (-1) solveLP.Rd:119: Escaped LaTeX specials: \&
Flavors: r-devel-linux-x86_64-debian-clang, r-devel-linux-x86_64-debian-gcc, r-devel-linux-x86_64-fedora-clang, r-devel-linux-x86_64-fedora-gcc, r-devel-windows-x86_64, r-patched-linux-x86_64, r-release-linux-x86_64, r-release-macos-arm64, r-release-windows-x86_64, r-oldrel-macos-arm64, r-oldrel-macos-x86_64, r-oldrel-windows-x86_64