Last updated on 2024-05-07 03:59:36 CEST.
Flavor | Version | Tinstall | Tcheck | Ttotal | Status | Flags |
---|---|---|---|---|---|---|
r-devel-linux-x86_64-debian-clang | 1.8-7 | 87.36 | 151.79 | 239.15 | NOTE | |
r-devel-linux-x86_64-debian-gcc | 1.8-7 | 67.78 | 109.13 | 176.91 | NOTE | |
r-devel-linux-x86_64-fedora-clang | 1.8-7 | 319.73 | NOTE | |||
r-devel-linux-x86_64-fedora-gcc | 1.8-7 | 373.99 | NOTE | |||
r-devel-windows-x86_64 | 1.8-7 | 73.00 | 132.00 | 205.00 | NOTE | |
r-patched-linux-x86_64 | 1.8-7 | 88.48 | 141.61 | 230.09 | NOTE | |
r-release-linux-x86_64 | 1.8-7 | 75.91 | 142.84 | 218.75 | NOTE | |
r-release-macos-arm64 | 1.8-7 | 71.00 | NOTE | |||
r-release-windows-x86_64 | 1.8-7 | 72.00 | 134.00 | 206.00 | NOTE | |
r-oldrel-macos-arm64 | 1.8-7 | 61.00 | OK | |||
r-oldrel-macos-x86_64 | 1.8-7 | 101.00 | OK | |||
r-oldrel-windows-x86_64 | 1.8-7 | 81.00 | 166.00 | 247.00 | OK |
Version: 1.8-7
Check: Rd files
Result: NOTE
checkRd: (-1) data.mb.Rd:76: Lost braces
76 | level-1 variables code{y}, \code{x} and the level-2 variable \code{w}.
| ^
Flavors: r-devel-linux-x86_64-debian-clang, r-devel-linux-x86_64-debian-gcc, r-devel-linux-x86_64-fedora-clang, r-devel-linux-x86_64-fedora-gcc, r-devel-windows-x86_64, r-patched-linux-x86_64, r-release-linux-x86_64, r-release-macos-arm64, r-release-windows-x86_64