Last updated on 2024-05-11 03:51:59 CEST.
Flavor | Version | Tinstall | Tcheck | Ttotal | Status | Flags |
---|---|---|---|---|---|---|
r-devel-linux-x86_64-debian-clang | 1.0.0 | 578.25 | 653.21 | 1231.46 | NOTE | |
r-devel-linux-x86_64-debian-gcc | 1.0.0 | 519.38 | 591.17 | 1110.55 | NOTE | |
r-devel-linux-x86_64-fedora-clang | 1.0.0 | 1504.92 | NOTE | |||
r-devel-linux-x86_64-fedora-gcc | 1.0.0 | 2059.94 | NOTE | |||
r-devel-windows-x86_64 | 1.0.0 | 438.00 | 498.00 | 936.00 | NOTE | |
r-patched-linux-x86_64 | 1.0.0 | 550.88 | 782.17 | 1333.05 | NOTE | |
r-release-linux-x86_64 | 1.0.0 | 480.20 | 779.40 | 1259.60 | NOTE | |
r-release-macos-arm64 | 1.0.0 | 368.00 | NOTE | |||
r-release-macos-x86_64 | 1.0.0 | 566.00 | NOTE | |||
r-release-windows-x86_64 | 1.0.0 | 421.00 | 491.00 | 912.00 | NOTE | |
r-oldrel-macos-arm64 | 1.0.0 | 352.00 | NOTE | |||
r-oldrel-macos-x86_64 | 1.0.0 | 579.00 | NOTE | |||
r-oldrel-windows-x86_64 | 1.0.0 | 535.00 | 666.00 | 1201.00 | NOTE |
Version: 1.0.0
Check: package dependencies
Result: NOTE
Package suggested but not available for checking: ‘cmdstanr’
Flavors: r-devel-linux-x86_64-debian-clang, r-devel-linux-x86_64-debian-gcc, r-devel-linux-x86_64-fedora-clang, r-devel-linux-x86_64-fedora-gcc, r-devel-windows-x86_64, r-patched-linux-x86_64, r-release-linux-x86_64, r-release-macos-arm64, r-release-macos-x86_64, r-release-windows-x86_64, r-oldrel-macos-arm64, r-oldrel-macos-x86_64, r-oldrel-windows-x86_64
Version: 1.0.0
Check: for GNU extensions in Makefiles
Result: NOTE
GNU make is a SystemRequirements.
Flavors: r-devel-linux-x86_64-debian-clang, r-devel-linux-x86_64-debian-gcc, r-devel-linux-x86_64-fedora-clang, r-devel-linux-x86_64-fedora-gcc, r-devel-windows-x86_64, r-patched-linux-x86_64, r-release-linux-x86_64, r-release-macos-arm64, r-release-macos-x86_64, r-release-windows-x86_64, r-oldrel-macos-arm64, r-oldrel-macos-x86_64, r-oldrel-windows-x86_64
Version: 1.0.0
Check: installed package size
Result: NOTE
installed size is 6.5Mb
sub-directories of 1Mb or more:
libs 5.0Mb
Flavors: r-devel-linux-x86_64-fedora-clang, r-devel-windows-x86_64, r-release-macos-arm64, r-release-macos-x86_64, r-release-windows-x86_64, r-oldrel-macos-arm64, r-oldrel-macos-x86_64, r-oldrel-windows-x86_64
Version: 1.0.0
Check: dependencies in R code
Result: NOTE
Namespaces in Imports field not imported from:
‘RcppParallel’ ‘rstantools’
All declared Imports should be used.
Flavors: r-devel-linux-x86_64-fedora-clang, r-devel-linux-x86_64-fedora-gcc