Last updated on 2024-05-02 15:51:06 CEST.
Flavor | Version | Tinstall | Tcheck | Ttotal | Status | Flags |
---|---|---|---|---|---|---|
r-devel-linux-x86_64-debian-clang | 1.9-1 | 118.59 | 497.75 | 616.34 | OK | |
r-devel-linux-x86_64-debian-gcc | 1.9-1 | 90.18 | 359.13 | 449.31 | OK | |
r-devel-linux-x86_64-fedora-clang | 1.9-1 | 740.48 | OK | |||
r-devel-linux-x86_64-fedora-gcc | 1.9-1 | 737.69 | OK | |||
r-devel-windows-x86_64 | 1.9-1 | 91.00 | 386.00 | 477.00 | OK | |
r-patched-linux-x86_64 | 1.9-1 | 110.86 | 490.38 | 601.24 | OK | |
r-release-linux-x86_64 | 1.9-1 | 103.52 | 499.80 | 603.32 | OK | |
r-release-macos-arm64 | 1.9-1 | 193.00 | OK | |||
r-release-windows-x86_64 | 1.9-1 | 91.00 | 373.00 | 464.00 | OK | |
r-oldrel-macos-arm64 | 1.9-1 | 194.00 | OK | |||
r-oldrel-macos-x86_64 | 1.9-1 | 424.00 | NOTE | |||
r-oldrel-windows-x86_64 | 1.9-1 | 119.00 | 469.00 | 588.00 | OK |
Version: 1.9-1
Check: installed package size
Result: NOTE
installed size is 5.3Mb
sub-directories of 1Mb or more:
R 2.0Mb
libs 2.1Mb
Flavor: r-oldrel-macos-x86_64