Last updated on 2024-05-02 15:51:06 CEST.
Flavor | Version | Tinstall | Tcheck | Ttotal | Status | Flags |
---|---|---|---|---|---|---|
r-devel-linux-x86_64-debian-clang | 1.41 | 158.63 | 277.20 | 435.83 | OK | |
r-devel-linux-x86_64-debian-gcc | 1.41 | 125.66 | 191.87 | 317.53 | OK | |
r-devel-linux-x86_64-fedora-clang | 1.41 | 556.26 | OK | |||
r-devel-linux-x86_64-fedora-gcc | 1.41 | 566.56 | OK | |||
r-devel-windows-x86_64 | 1.41 | 124.00 | 226.00 | 350.00 | OK | |
r-patched-linux-x86_64 | 1.41 | 157.49 | 255.29 | 412.78 | OK | |
r-release-linux-x86_64 | 1.41 | 151.70 | 259.15 | 410.85 | OK | |
r-release-macos-arm64 | 1.41 | 111.00 | NOTE | |||
r-release-windows-x86_64 | 1.41 | 125.00 | 222.00 | 347.00 | OK | |
r-oldrel-macos-arm64 | 1.41 | 141.00 | NOTE | |||
r-oldrel-macos-x86_64 | 1.41 | 313.00 | NOTE | |||
r-oldrel-windows-x86_64 | 1.41 | 153.00 | 291.00 | 444.00 | OK |
Version: 1.41
Check: installed package size
Result: NOTE
installed size is 9.0Mb
sub-directories of 1Mb or more:
R 2.1Mb
libs 6.3Mb
Flavors: r-release-macos-arm64, r-oldrel-macos-arm64, r-oldrel-macos-x86_64