Last updated on 2024-05-11 03:51:59 CEST.
Flavor | Version | Tinstall | Tcheck | Ttotal | Status | Flags |
---|---|---|---|---|---|---|
r-devel-linux-x86_64-debian-clang | 0.6-28 | 2.44 | 31.08 | 33.52 | NOTE | |
r-devel-linux-x86_64-debian-gcc | 0.6-28 | 2.25 | 23.71 | 25.96 | NOTE | |
r-devel-linux-x86_64-fedora-clang | 0.6-28 | 43.25 | NOTE | |||
r-devel-linux-x86_64-fedora-gcc | 0.6-28 | 48.76 | NOTE | |||
r-devel-windows-x86_64 | 0.6-28 | 4.00 | 51.00 | 55.00 | NOTE | |
r-patched-linux-x86_64 | 0.6-28 | 3.06 | 30.20 | 33.26 | NOTE | |
r-release-linux-x86_64 | 0.6-28 | 2.67 | 30.30 | 32.97 | NOTE | |
r-release-macos-arm64 | 0.6-28 | 20.00 | NOTE | |||
r-release-windows-x86_64 | 0.6-28 | 4.00 | 51.00 | 55.00 | NOTE | |
r-oldrel-macos-arm64 | 0.6-28 | 19.00 | OK | |||
r-oldrel-macos-x86_64 | 0.6-28 | 39.00 | OK | |||
r-oldrel-windows-x86_64 | 0.6-28 | 6.00 | 52.00 | 58.00 | OK |
Version: 0.6-28
Check: Rd files
Result: NOTE
checkRd: (-1) sumKeepAttr.Rd:19: Lost braces
19 | (only relevant if code{x} has only one element).}
| ^
Flavors: r-devel-linux-x86_64-debian-clang, r-devel-linux-x86_64-debian-gcc, r-devel-linux-x86_64-fedora-clang, r-devel-linux-x86_64-fedora-gcc, r-devel-windows-x86_64, r-patched-linux-x86_64, r-release-linux-x86_64, r-release-macos-arm64, r-release-windows-x86_64