Last updated on 2024-05-05 15:53:52 CEST.
Flavor | Version | Tinstall | Tcheck | Ttotal | Status | Flags |
---|---|---|---|---|---|---|
r-devel-linux-x86_64-debian-clang | 2.1.1 | 116.36 | 49.21 | 165.57 | OK | |
r-devel-linux-x86_64-debian-gcc | 2.1.1 | 84.17 | 35.40 | 119.57 | OK | |
r-devel-linux-x86_64-fedora-clang | 2.1.1 | 201.09 | OK | |||
r-devel-linux-x86_64-fedora-gcc | 2.1.1 | 208.55 | OK | |||
r-devel-windows-x86_64 | 2.1.1 | 70.00 | 88.00 | 158.00 | OK | |
r-patched-linux-x86_64 | 2.1.1 | 97.36 | 46.99 | 144.35 | OK | |
r-release-linux-x86_64 | 2.1.1 | 95.24 | 45.75 | 140.99 | OK | |
r-release-macos-arm64 | 2.1.1 | 55.00 | NOTE | |||
r-release-macos-x86_64 | 2.1.1 | 167.00 | NOTE | |||
r-release-windows-x86_64 | 2.1.1 | 73.00 | 88.00 | 161.00 | OK | |
r-oldrel-macos-arm64 | 2.1.1 | 63.00 | NOTE | |||
r-oldrel-macos-x86_64 | 2.1.1 | 176.00 | NOTE | |||
r-oldrel-windows-x86_64 | 2.1.1 | 88.00 | 100.00 | 188.00 | OK |
Version: 2.1.1
Check: installed package size
Result: NOTE
installed size is 11.8Mb
sub-directories of 1Mb or more:
libs 11.5Mb
Flavors: r-release-macos-arm64, r-release-macos-x86_64, r-oldrel-macos-arm64, r-oldrel-macos-x86_64