Last updated on 2024-05-13 03:49:37 CEST.
Flavor | Version | Tinstall | Tcheck | Ttotal | Status | Flags |
---|---|---|---|---|---|---|
r-devel-linux-x86_64-debian-clang | 0.1.1 | 66.01 | 439.61 | 505.62 | WARN | |
r-devel-linux-x86_64-debian-gcc | 0.1.1 | 56.91 | 311.62 | 368.53 | OK | |
r-devel-linux-x86_64-fedora-clang | 0.1.1 | 643.07 | OK | |||
r-devel-linux-x86_64-fedora-gcc | 0.1.1 | 675.55 | OK | |||
r-devel-windows-x86_64 | 0.1.1 | 54.00 | 315.00 | 369.00 | OK | |
r-patched-linux-x86_64 | 0.1.1 | 70.64 | 396.79 | 467.43 | OK | |
r-release-linux-x86_64 | 0.1.1 | 71.41 | 397.99 | 469.40 | OK | |
r-release-macos-arm64 | 0.1.1 | 200.00 | NOTE | |||
r-release-windows-x86_64 | 0.1.1 | 50.00 | 300.00 | 350.00 | OK | |
r-oldrel-macos-arm64 | 0.1.1 | 182.00 | NOTE | |||
r-oldrel-macos-x86_64 | 0.1.1 | 366.00 | NOTE | |||
r-oldrel-windows-x86_64 | 0.1.1 | 66.00 | 416.00 | 482.00 | OK |
Version: 0.1.1
Check: whether package can be installed
Result: WARN
Found the following significant warnings:
rb_fast.cpp:160:8: warning: using integer absolute value function 'abs' when argument is of floating point type [-Wabsolute-value]
See ‘/home/hornik/tmp/R.check/r-devel-clang/Work/PKGS/mlrv.Rcheck/00install.out’ for details.
* used C++ compiler: ‘Debian clang version 18.1.5 (2)’
Flavor: r-devel-linux-x86_64-debian-clang
Version: 0.1.1
Check: installed package size
Result: NOTE
installed size is 6.0Mb
sub-directories of 1Mb or more:
libs 5.7Mb
Flavors: r-release-macos-arm64, r-oldrel-macos-arm64, r-oldrel-macos-x86_64