Last updated on 2024-04-19 03:56:28 CEST.
Flavor | Version | Tinstall | Tcheck | Ttotal | Status | Flags |
---|---|---|---|---|---|---|
r-devel-linux-x86_64-debian-clang | 1.4.1 | 160.30 | 165.47 | 325.77 | OK | |
r-devel-linux-x86_64-debian-gcc | 1.4.1 | 121.79 | 119.34 | 241.13 | OK | |
r-devel-linux-x86_64-fedora-clang | 1.4.1 | 437.67 | OK | |||
r-devel-linux-x86_64-fedora-gcc | 1.4.1 | 431.43 | OK | |||
r-prerel-macos-arm64 | 1.4.1 | 94.00 | NOTE | |||
r-prerel-macos-x86_64 | 1.4.1 | 186.00 | NOTE | |||
r-prerel-windows-x86_64 | 1.4.1 | 136.00 | 173.00 | 309.00 | OK | |
r-patched-linux-x86_64 | 1.4.1 | 153.04 | 155.86 | 308.90 | OK | |
r-release-linux-x86_64 | 1.4.1 | 151.64 | 155.67 | 307.31 | OK | |
r-release-macos-arm64 | 1.4.1 | 99.00 | NOTE | |||
r-release-macos-x86_64 | 1.4.1 | 137.00 | NOTE | |||
r-release-windows-x86_64 | 1.4.1 | 169.00 | 225.00 | 394.00 | OK | |
r-oldrel-macos-arm64 | 1.4.1 | 105.00 | NOTE | |||
r-oldrel-windows-x86_64 | 1.4.1 | 165.00 | 192.00 | 357.00 | OK |
Version: 1.4.1
Check: installed package size
Result: NOTE
installed size is 6.9Mb
sub-directories of 1Mb or more:
libs 5.0Mb
Flavors: r-prerel-macos-arm64, r-prerel-macos-x86_64, r-release-macos-arm64, r-release-macos-x86_64, r-oldrel-macos-arm64